{"id":1178,"date":"2025-05-11T15:12:01","date_gmt":"2025-05-11T13:12:01","guid":{"rendered":"https:\/\/ia-dev.hes-so.ch\/ona\/?page_id=1178"},"modified":"2025-05-16T08:47:04","modified_gmt":"2025-05-16T06:47:04","slug":"brescia","status":"publish","type":"page","link":"https:\/\/ia-dev.hes-so.ch\/ona\/photos\/brescia\/","title":{"rendered":"Brescia"},"content":{"rendered":"\n<p><strong>1er jour<\/strong><\/p>\n\n\n\n<figure class=\"wp-block-image size-large\"><img loading=\"lazy\" decoding=\"async\" width=\"1024\" height=\"485\" src=\"https:\/\/ia-dev.hes-so.ch\/ona\/wp-content\/uploads\/2025\/05\/01-Voiture-et-caravane-le-depart-1024x485.jpg\" alt=\"\" class=\"wp-image-1221\" srcset=\"https:\/\/ia-dev.hes-so.ch\/ona\/wp-content\/uploads\/2025\/05\/01-Voiture-et-caravane-le-depart-1024x485.jpg 1024w, https:\/\/ia-dev.hes-so.ch\/ona\/wp-content\/uploads\/2025\/05\/01-Voiture-et-caravane-le-depart-300x142.jpg 300w, https:\/\/ia-dev.hes-so.ch\/ona\/wp-content\/uploads\/2025\/05\/01-Voiture-et-caravane-le-depart-768x363.jpg 768w, https:\/\/ia-dev.hes-so.ch\/ona\/wp-content\/uploads\/2025\/05\/01-Voiture-et-caravane-le-depart-1536x727.jpg 1536w, https:\/\/ia-dev.hes-so.ch\/ona\/wp-content\/uploads\/2025\/05\/01-Voiture-et-caravane-le-depart-2048x969.jpg 2048w\" sizes=\"auto, (max-width: 1024px) 100vw, 1024px\" \/><\/figure>\n\n\n\n<p>Le choix du rail ou des airs n\u2019\u00e9tait pas simple. Finalement, ce sera 15 m\u00e8tres de concentration et de libert\u00e9, \u00e0 80 km\/h. Brasov m\u2019a pr\u00e9par\u00e9\u2026 mais le vrai test commence maintenant.<\/p>\n\n\n\n<p><strong>2\u00e8me jour<\/strong><\/p>\n\n\n\n<figure class=\"wp-block-image size-large\"><img loading=\"lazy\" decoding=\"async\" width=\"485\" height=\"1024\" src=\"https:\/\/ia-dev.hes-so.ch\/ona\/wp-content\/uploads\/2025\/05\/02-Sortie-impossible-en-letat-485x1024.jpg\" alt=\"\" class=\"wp-image-1246\" srcset=\"https:\/\/ia-dev.hes-so.ch\/ona\/wp-content\/uploads\/2025\/05\/02-Sortie-impossible-en-letat-485x1024.jpg 485w, https:\/\/ia-dev.hes-so.ch\/ona\/wp-content\/uploads\/2025\/05\/02-Sortie-impossible-en-letat-142x300.jpg 142w, https:\/\/ia-dev.hes-so.ch\/ona\/wp-content\/uploads\/2025\/05\/02-Sortie-impossible-en-letat-768x1623.jpg 768w, https:\/\/ia-dev.hes-so.ch\/ona\/wp-content\/uploads\/2025\/05\/02-Sortie-impossible-en-letat-727x1536.jpg 727w, https:\/\/ia-dev.hes-so.ch\/ona\/wp-content\/uploads\/2025\/05\/02-Sortie-impossible-en-letat-969x2048.jpg 969w, https:\/\/ia-dev.hes-so.ch\/ona\/wp-content\/uploads\/2025\/05\/02-Sortie-impossible-en-letat-scaled.jpg 1211w\" sizes=\"auto, (max-width: 485px) 100vw, 485px\" \/><\/figure>\n\n\n\n<p>Un voyage peut commencer avec ambition, mais parfois, c\u2019est le premier m\u00e8tre qui coince. Nouvelles comp\u00e9tences\u2026 ou pas. Si l\u2019objectif \u00e0 atteindre reste, c\u2019est surtout le chemin parcouru qui est important.<\/p>\n\n\n\n<p><strong>3\u00e8me jour<\/strong><\/p>\n\n\n\n<figure class=\"wp-block-image size-large\"><img loading=\"lazy\" decoding=\"async\" width=\"1024\" height=\"485\" src=\"https:\/\/ia-dev.hes-so.ch\/ona\/wp-content\/uploads\/2025\/05\/03-Un-peu-dingenierie-pour-sortir-1024x485.jpg\" alt=\"\" class=\"wp-image-1252\" srcset=\"https:\/\/ia-dev.hes-so.ch\/ona\/wp-content\/uploads\/2025\/05\/03-Un-peu-dingenierie-pour-sortir-1024x485.jpg 1024w, https:\/\/ia-dev.hes-so.ch\/ona\/wp-content\/uploads\/2025\/05\/03-Un-peu-dingenierie-pour-sortir-300x142.jpg 300w, https:\/\/ia-dev.hes-so.ch\/ona\/wp-content\/uploads\/2025\/05\/03-Un-peu-dingenierie-pour-sortir-768x363.jpg 768w, https:\/\/ia-dev.hes-so.ch\/ona\/wp-content\/uploads\/2025\/05\/03-Un-peu-dingenierie-pour-sortir-1536x727.jpg 1536w, https:\/\/ia-dev.hes-so.ch\/ona\/wp-content\/uploads\/2025\/05\/03-Un-peu-dingenierie-pour-sortir-2048x969.jpg 2048w\" sizes=\"auto, (max-width: 1024px) 100vw, 1024px\" \/><\/figure>\n\n\n\n<p>Il a suffi de quelques planches pour faire un pont\u2026 Une solution simple pour continuer la route. Comme entre institutions : avec un peu d\u2019ing\u00e9niosit\u00e9, on construit des ponts pour monter ensemble vers de nouveaux horizons.<\/p>\n\n\n\n<p><strong>4\u00e8me jour<\/strong><\/p>\n\n\n\n<figure class=\"wp-block-image size-large\"><img loading=\"lazy\" decoding=\"async\" width=\"768\" height=\"1024\" src=\"https:\/\/ia-dev.hes-so.ch\/ona\/wp-content\/uploads\/2025\/05\/04-Olivier-avec-Roberto-Ranzi-VR-international-768x1024.jpeg\" alt=\"\" class=\"wp-image-1262\" srcset=\"https:\/\/ia-dev.hes-so.ch\/ona\/wp-content\/uploads\/2025\/05\/04-Olivier-avec-Roberto-Ranzi-VR-international-768x1024.jpeg 768w, https:\/\/ia-dev.hes-so.ch\/ona\/wp-content\/uploads\/2025\/05\/04-Olivier-avec-Roberto-Ranzi-VR-international-225x300.jpeg 225w, https:\/\/ia-dev.hes-so.ch\/ona\/wp-content\/uploads\/2025\/05\/04-Olivier-avec-Roberto-Ranzi-VR-international-1152x1536.jpeg 1152w, https:\/\/ia-dev.hes-so.ch\/ona\/wp-content\/uploads\/2025\/05\/04-Olivier-avec-Roberto-Ranzi-VR-international-1536x2048.jpeg 1536w, https:\/\/ia-dev.hes-so.ch\/ona\/wp-content\/uploads\/2025\/05\/04-Olivier-avec-Roberto-Ranzi-VR-international-scaled.jpeg 1920w\" sizes=\"auto, (max-width: 768px) 100vw, 768px\" \/><\/figure>\n\n\n\n<p>Sous le poids de l\u2019histoire, dans cette salle du Rectorat de l\u2019Universit\u00e9 de Brescia, il est temps de s\u2019interroger sur l\u2019avenir de l\u2019enseignement sup\u00e9rieur et de poser les jalons des prochaines \u00e9tapes de notre d\u00e9veloppement. De gauche \u00e0 droite : Olivier Naef, Roberto Ranzi (Vice-recteur aux affaires internationales)<\/p>\n\n\n\n<p><strong>5\u00e8me jour<\/strong><\/p>\n\n\n\n<figure class=\"wp-block-image size-large\"><img loading=\"lazy\" decoding=\"async\" width=\"1024\" height=\"768\" src=\"https:\/\/ia-dev.hes-so.ch\/ona\/wp-content\/uploads\/2025\/05\/05-Brescia-entre-histoire-et-modernite-1024x768.jpeg\" alt=\"\" class=\"wp-image-1264\" srcset=\"https:\/\/ia-dev.hes-so.ch\/ona\/wp-content\/uploads\/2025\/05\/05-Brescia-entre-histoire-et-modernite-1024x768.jpeg 1024w, https:\/\/ia-dev.hes-so.ch\/ona\/wp-content\/uploads\/2025\/05\/05-Brescia-entre-histoire-et-modernite-300x225.jpeg 300w, https:\/\/ia-dev.hes-so.ch\/ona\/wp-content\/uploads\/2025\/05\/05-Brescia-entre-histoire-et-modernite-768x576.jpeg 768w, https:\/\/ia-dev.hes-so.ch\/ona\/wp-content\/uploads\/2025\/05\/05-Brescia-entre-histoire-et-modernite-1536x1152.jpeg 1536w, https:\/\/ia-dev.hes-so.ch\/ona\/wp-content\/uploads\/2025\/05\/05-Brescia-entre-histoire-et-modernite-2048x1536.jpeg 2048w\" sizes=\"auto, (max-width: 1024px) 100vw, 1024px\" \/><\/figure>\n\n\n\n<p>Brescia, entre cocon du pass\u00e9 et \u00e9lans du futur. D\u2019un c\u00f4t\u00e9, les toits serr\u00e9s qui r\u00e9chauffent les c\u0153urs ; de l\u2019autre, les tours modernes qui nous rappellent qu\u2019il faut parfois prendre de la hauteur<\/p>\n\n\n\n<p>6\u00e8me jour (samedi, \u00e0 venir)<\/p>\n","protected":false},"excerpt":{"rendered":"<p>1er jour Le choix du rail ou des airs n\u2019\u00e9tait pas simple. Finalement, ce sera 15 m\u00e8tres de concentration et [&hellip;]<\/p>\n","protected":false},"author":1,"featured_media":0,"parent":173,"menu_order":12,"comment_status":"closed","ping_status":"closed","template":"","meta":{"footnotes":""},"class_list":["post-1178","page","type-page","status-publish","hentry"],"_links":{"self":[{"href":"https:\/\/ia-dev.hes-so.ch\/ona\/wp-json\/wp\/v2\/pages\/1178","targetHints":{"allow":["GET"]}}],"collection":[{"href":"https:\/\/ia-dev.hes-so.ch\/ona\/wp-json\/wp\/v2\/pages"}],"about":[{"href":"https:\/\/ia-dev.hes-so.ch\/ona\/wp-json\/wp\/v2\/types\/page"}],"author":[{"embeddable":true,"href":"https:\/\/ia-dev.hes-so.ch\/ona\/wp-json\/wp\/v2\/users\/1"}],"replies":[{"embeddable":true,"href":"https:\/\/ia-dev.hes-so.ch\/ona\/wp-json\/wp\/v2\/comments?post=1178"}],"version-history":[{"count":7,"href":"https:\/\/ia-dev.hes-so.ch\/ona\/wp-json\/wp\/v2\/pages\/1178\/revisions"}],"predecessor-version":[{"id":1267,"href":"https:\/\/ia-dev.hes-so.ch\/ona\/wp-json\/wp\/v2\/pages\/1178\/revisions\/1267"}],"up":[{"embeddable":true,"href":"https:\/\/ia-dev.hes-so.ch\/ona\/wp-json\/wp\/v2\/pages\/173"}],"wp:attachment":[{"href":"https:\/\/ia-dev.hes-so.ch\/ona\/wp-json\/wp\/v2\/media?parent=1178"}],"curies":[{"name":"wp","href":"https:\/\/api.w.org\/{rel}","templated":true}]}}