{"id":1226,"date":"2025-05-12T13:49:26","date_gmt":"2025-05-12T11:49:26","guid":{"rendered":"https:\/\/ia-dev.hes-so.ch\/ona\/?page_id=1226"},"modified":"2025-05-30T09:30:30","modified_gmt":"2025-05-30T07:30:30","slug":"turin","status":"publish","type":"page","link":"https:\/\/ia-dev.hes-so.ch\/ona\/photos\/turin\/","title":{"rendered":"Turin"},"content":{"rendered":"\n<p><strong>1er jour<\/strong><\/p>\n\n\n\n<figure class=\"wp-block-image size-large\"><img loading=\"lazy\" decoding=\"async\" width=\"768\" height=\"1024\" src=\"https:\/\/ia-dev.hes-so.ch\/ona\/wp-content\/uploads\/2025\/05\/01-Sangone-se-jetant-dans-le-Po-768x1024.jpeg\" alt=\"\" class=\"wp-image-1273\" srcset=\"https:\/\/ia-dev.hes-so.ch\/ona\/wp-content\/uploads\/2025\/05\/01-Sangone-se-jetant-dans-le-Po-768x1024.jpeg 768w, https:\/\/ia-dev.hes-so.ch\/ona\/wp-content\/uploads\/2025\/05\/01-Sangone-se-jetant-dans-le-Po-225x300.jpeg 225w, https:\/\/ia-dev.hes-so.ch\/ona\/wp-content\/uploads\/2025\/05\/01-Sangone-se-jetant-dans-le-Po-1152x1536.jpeg 1152w, https:\/\/ia-dev.hes-so.ch\/ona\/wp-content\/uploads\/2025\/05\/01-Sangone-se-jetant-dans-le-Po-1536x2048.jpeg 1536w, https:\/\/ia-dev.hes-so.ch\/ona\/wp-content\/uploads\/2025\/05\/01-Sangone-se-jetant-dans-le-Po-scaled.jpeg 1920w\" sizes=\"auto, (max-width: 768px) 100vw, 768px\" \/><\/figure>\n\n\n\n<p>Il faut oser se jeter \u00e0 l\u2019eau, comme le Sangone rejoignant le P\u00f4. Quitter le connu, suivre le courant et d\u00e9couvrir, \u00e0 Turin, de nouveaux horizons.<\/p>\n\n\n\n<p><strong>2\u00e8me jour<\/strong><\/p>\n\n\n\n<figure class=\"wp-block-image size-large\"><img loading=\"lazy\" decoding=\"async\" width=\"768\" height=\"1024\" src=\"https:\/\/ia-dev.hes-so.ch\/ona\/wp-content\/uploads\/2025\/05\/02-Turin-Grattacielo-Regione-Piemonte-768x1024.jpeg\" alt=\"\" class=\"wp-image-1278\" srcset=\"https:\/\/ia-dev.hes-so.ch\/ona\/wp-content\/uploads\/2025\/05\/02-Turin-Grattacielo-Regione-Piemonte-768x1024.jpeg 768w, https:\/\/ia-dev.hes-so.ch\/ona\/wp-content\/uploads\/2025\/05\/02-Turin-Grattacielo-Regione-Piemonte-225x300.jpeg 225w, https:\/\/ia-dev.hes-so.ch\/ona\/wp-content\/uploads\/2025\/05\/02-Turin-Grattacielo-Regione-Piemonte-1152x1536.jpeg 1152w, https:\/\/ia-dev.hes-so.ch\/ona\/wp-content\/uploads\/2025\/05\/02-Turin-Grattacielo-Regione-Piemonte-1536x2048.jpeg 1536w, https:\/\/ia-dev.hes-so.ch\/ona\/wp-content\/uploads\/2025\/05\/02-Turin-Grattacielo-Regione-Piemonte-scaled.jpeg 1920w\" sizes=\"auto, (max-width: 768px) 100vw, 768px\" \/><\/figure>\n\n\n\n<p>Turin, entre ciel de verre et m\u00e9moire de pierre. Tandis que le gratte-ciel de la R\u00e9gion Pi\u00e9mont trace une ligne vers l\u2019avenir, l\u2019universit\u00e9 que je visite cultive avec soin ses racines pluris\u00e9culaires. Deux visages d\u2019un m\u00eame territoire, tendu entre h\u00e9ritage et innovation.<\/p>\n\n\n\n<p><strong>3\u00e8me jour<\/strong><\/p>\n\n\n\n<figure class=\"wp-block-image size-large\"><img loading=\"lazy\" decoding=\"async\" width=\"768\" height=\"1024\" src=\"https:\/\/ia-dev.hes-so.ch\/ona\/wp-content\/uploads\/2025\/05\/03-Torre-Romana-768x1024.jpeg\" alt=\"\" class=\"wp-image-1295\" srcset=\"https:\/\/ia-dev.hes-so.ch\/ona\/wp-content\/uploads\/2025\/05\/03-Torre-Romana-768x1024.jpeg 768w, https:\/\/ia-dev.hes-so.ch\/ona\/wp-content\/uploads\/2025\/05\/03-Torre-Romana-225x300.jpeg 225w, https:\/\/ia-dev.hes-so.ch\/ona\/wp-content\/uploads\/2025\/05\/03-Torre-Romana-1152x1536.jpeg 1152w, https:\/\/ia-dev.hes-so.ch\/ona\/wp-content\/uploads\/2025\/05\/03-Torre-Romana-1536x2048.jpeg 1536w, https:\/\/ia-dev.hes-so.ch\/ona\/wp-content\/uploads\/2025\/05\/03-Torre-Romana-scaled.jpeg 1920w\" sizes=\"auto, (max-width: 768px) 100vw, 768px\" \/><\/figure>\n\n\n\n<p>Apr\u00e8s le reflet du ciel dans le verre du gratte-ciel de la Regione Piemonte, retour sur terre\u2026 ou plut\u00f4t dans le temps. La Torre Romana, vestige des origines de Turin, nous rappelle que l\u2019histoire s\u2019ancre dans les pierres bien avant&#8230;<\/p>\n\n\n\n<p><strong>4\u00e8me jour<\/strong><\/p>\n\n\n\n<figure class=\"wp-block-image size-large\"><img loading=\"lazy\" decoding=\"async\" width=\"768\" height=\"1024\" src=\"https:\/\/ia-dev.hes-so.ch\/ona\/wp-content\/uploads\/2025\/05\/04-Attractivite-et-infrastructure-departement-de-chimie-768x1024.jpeg\" alt=\"\" class=\"wp-image-1304\" srcset=\"https:\/\/ia-dev.hes-so.ch\/ona\/wp-content\/uploads\/2025\/05\/04-Attractivite-et-infrastructure-departement-de-chimie-768x1024.jpeg 768w, https:\/\/ia-dev.hes-so.ch\/ona\/wp-content\/uploads\/2025\/05\/04-Attractivite-et-infrastructure-departement-de-chimie-225x300.jpeg 225w, https:\/\/ia-dev.hes-so.ch\/ona\/wp-content\/uploads\/2025\/05\/04-Attractivite-et-infrastructure-departement-de-chimie-1152x1536.jpeg 1152w, https:\/\/ia-dev.hes-so.ch\/ona\/wp-content\/uploads\/2025\/05\/04-Attractivite-et-infrastructure-departement-de-chimie-1536x2048.jpeg 1536w, https:\/\/ia-dev.hes-so.ch\/ona\/wp-content\/uploads\/2025\/05\/04-Attractivite-et-infrastructure-departement-de-chimie-scaled.jpeg 1920w\" sizes=\"auto, (max-width: 768px) 100vw, 768px\" \/><\/figure>\n\n\n\n<p>Dans les sous-sols d\u2019une maison de ma\u00eetre reconvertie en d\u00e9partement de chimie, ce couloir m\u00e8ne aux laboratoires d\u2019analytique. Si l\u2019histoire du b\u00e2timent apporte un certain charme, elle pose aussi la question de l\u2019attractivit\u00e9 pour les \u00e9tudiantes et \u00e9tudiants d\u2019aujourd\u2019hui. L\u2019environnement d\u2019apprentissage joue un r\u00f4le cl\u00e9 dans le choix d\u2019une fili\u00e8re : faut-il miser sur la noblesse des lieux ou moderniser les infrastructures pour mieux s\u00e9duire les nouvelles g\u00e9n\u00e9rations ? Une r\u00e9flexion \u00e0 mener\u2026 au fond du couloir avec un nouveau b\u00e2timent en cours de finalisation dans un autre lieu.<br><\/p>\n\n\n\n<p><strong>5\u00e8me jour<\/strong><\/p>\n\n\n\n<figure class=\"wp-block-image size-large\"><img loading=\"lazy\" decoding=\"async\" width=\"1024\" height=\"768\" src=\"https:\/\/ia-dev.hes-so.ch\/ona\/wp-content\/uploads\/2025\/05\/05-Attractive-et-insfrastructure-departement-dinformatique-1024x768.jpeg\" alt=\"\" class=\"wp-image-1305\" srcset=\"https:\/\/ia-dev.hes-so.ch\/ona\/wp-content\/uploads\/2025\/05\/05-Attractive-et-insfrastructure-departement-dinformatique-1024x768.jpeg 1024w, https:\/\/ia-dev.hes-so.ch\/ona\/wp-content\/uploads\/2025\/05\/05-Attractive-et-insfrastructure-departement-dinformatique-300x225.jpeg 300w, https:\/\/ia-dev.hes-so.ch\/ona\/wp-content\/uploads\/2025\/05\/05-Attractive-et-insfrastructure-departement-dinformatique-768x576.jpeg 768w, https:\/\/ia-dev.hes-so.ch\/ona\/wp-content\/uploads\/2025\/05\/05-Attractive-et-insfrastructure-departement-dinformatique-1536x1152.jpeg 1536w, https:\/\/ia-dev.hes-so.ch\/ona\/wp-content\/uploads\/2025\/05\/05-Attractive-et-insfrastructure-departement-dinformatique-2048x1536.jpeg 2048w\" sizes=\"auto, (max-width: 1024px) 100vw, 1024px\" \/><\/figure>\n\n\n\n<p>Devant le b\u00e2timent du D\u00e9partement d\u2019informatique de l\u2019Universit\u00e9 de Turin, une question persiste : ces barreaux sont-ils l\u00e0 pour emp\u00eacher les talents d\u2019entrer\u2026 ou pour \u00e9viter qu\u2019ils ne s\u2019\u00e9chappent ? Entre s\u00e9curit\u00e9, symbolique et attractivit\u00e9, l\u2019architecture aussi participe \u00e0 l\u2019exp\u00e9rience universitaire.<\/p>\n\n\n\n<p><strong>6\u00e8me jour<\/strong><\/p>\n\n\n\n<figure class=\"wp-block-image size-large\"><img loading=\"lazy\" decoding=\"async\" width=\"1024\" height=\"768\" src=\"https:\/\/ia-dev.hes-so.ch\/ona\/wp-content\/uploads\/2025\/05\/06-Departement-agriculture-1024x768.jpeg\" alt=\"\" class=\"wp-image-1306\" srcset=\"https:\/\/ia-dev.hes-so.ch\/ona\/wp-content\/uploads\/2025\/05\/06-Departement-agriculture-1024x768.jpeg 1024w, https:\/\/ia-dev.hes-so.ch\/ona\/wp-content\/uploads\/2025\/05\/06-Departement-agriculture-300x225.jpeg 300w, https:\/\/ia-dev.hes-so.ch\/ona\/wp-content\/uploads\/2025\/05\/06-Departement-agriculture-768x576.jpeg 768w, https:\/\/ia-dev.hes-so.ch\/ona\/wp-content\/uploads\/2025\/05\/06-Departement-agriculture-1536x1152.jpeg 1536w, https:\/\/ia-dev.hes-so.ch\/ona\/wp-content\/uploads\/2025\/05\/06-Departement-agriculture-2048x1536.jpeg 2048w\" sizes=\"auto, (max-width: 1024px) 100vw, 1024px\" \/><\/figure>\n\n\n\n<p>Quand la verdure s\u2019invite jusque dans la cour : entre espaces ouverts, grandes infrastructures et ambiance d\u00e9contract\u00e9e, le cadre refl\u00e8te parfaitement l\u2019esprit des fili\u00e8res \u00ab vertes \u00bb. Ici, on cultive le savoir autant que les plantes !<\/p>\n\n\n\n<p><strong>7\u00e8me jour<\/strong><\/p>\n\n\n\n<figure class=\"wp-block-image size-large\"><img loading=\"lazy\" decoding=\"async\" width=\"1015\" height=\"1024\" src=\"https:\/\/ia-dev.hes-so.ch\/ona\/wp-content\/uploads\/2025\/05\/07-Turin-street-art-scaled-e1747917310383-1015x1024.jpeg\" alt=\"\" class=\"wp-image-1321\" srcset=\"https:\/\/ia-dev.hes-so.ch\/ona\/wp-content\/uploads\/2025\/05\/07-Turin-street-art-scaled-e1747917310383-1015x1024.jpeg 1015w, https:\/\/ia-dev.hes-so.ch\/ona\/wp-content\/uploads\/2025\/05\/07-Turin-street-art-scaled-e1747917310383-297x300.jpeg 297w, https:\/\/ia-dev.hes-so.ch\/ona\/wp-content\/uploads\/2025\/05\/07-Turin-street-art-scaled-e1747917310383-150x150.jpeg 150w, https:\/\/ia-dev.hes-so.ch\/ona\/wp-content\/uploads\/2025\/05\/07-Turin-street-art-scaled-e1747917310383-768x775.jpeg 768w, https:\/\/ia-dev.hes-so.ch\/ona\/wp-content\/uploads\/2025\/05\/07-Turin-street-art-scaled-e1747917310383-1523x1536.jpeg 1523w, https:\/\/ia-dev.hes-so.ch\/ona\/wp-content\/uploads\/2025\/05\/07-Turin-street-art-scaled-e1747917310383.jpeg 1920w\" sizes=\"auto, (max-width: 1015px) 100vw, 1015px\" \/><\/figure>\n\n\n\n<p>Un dernier clin d\u2019\u0153il \u00e0 Turin avec cette fresque embl\u00e9matique o\u00f9 les sciences dialoguent avec les humanit\u00e9s. Une belle synth\u00e8se de l\u2019esprit acad\u00e9mique italien, entre rigueur scientifique et culture populaire. Arrivederci Italia, et merci UniTo !<\/p>\n\n\n\n<p><\/p>\n\n\n\n<p>Lien vers la ville suivante : <a href=\"https:\/\/ia-dev.hes-so.ch\/ona\/photos\/chambery\/\" data-type=\"page\" data-id=\"1282\">Chamb\u00e9ry<\/a><\/p>\n","protected":false},"excerpt":{"rendered":"<p>1er jour Il faut oser se jeter \u00e0 l\u2019eau, comme le Sangone rejoignant le P\u00f4. Quitter le connu, suivre le [&hellip;]<\/p>\n","protected":false},"author":1,"featured_media":0,"parent":173,"menu_order":13,"comment_status":"closed","ping_status":"closed","template":"","meta":{"footnotes":""},"class_list":["post-1226","page","type-page","status-publish","hentry"],"_links":{"self":[{"href":"https:\/\/ia-dev.hes-so.ch\/ona\/wp-json\/wp\/v2\/pages\/1226","targetHints":{"allow":["GET"]}}],"collection":[{"href":"https:\/\/ia-dev.hes-so.ch\/ona\/wp-json\/wp\/v2\/pages"}],"about":[{"href":"https:\/\/ia-dev.hes-so.ch\/ona\/wp-json\/wp\/v2\/types\/page"}],"author":[{"embeddable":true,"href":"https:\/\/ia-dev.hes-so.ch\/ona\/wp-json\/wp\/v2\/users\/1"}],"replies":[{"embeddable":true,"href":"https:\/\/ia-dev.hes-so.ch\/ona\/wp-json\/wp\/v2\/comments?post=1226"}],"version-history":[{"count":10,"href":"https:\/\/ia-dev.hes-so.ch\/ona\/wp-json\/wp\/v2\/pages\/1226\/revisions"}],"predecessor-version":[{"id":1400,"href":"https:\/\/ia-dev.hes-so.ch\/ona\/wp-json\/wp\/v2\/pages\/1226\/revisions\/1400"}],"up":[{"embeddable":true,"href":"https:\/\/ia-dev.hes-so.ch\/ona\/wp-json\/wp\/v2\/pages\/173"}],"wp:attachment":[{"href":"https:\/\/ia-dev.hes-so.ch\/ona\/wp-json\/wp\/v2\/media?parent=1226"}],"curies":[{"name":"wp","href":"https:\/\/api.w.org\/{rel}","templated":true}]}}