{"id":1473,"date":"2025-06-09T16:04:21","date_gmt":"2025-06-09T14:04:21","guid":{"rendered":"https:\/\/ia-dev.hes-so.ch\/ona\/?page_id=1473"},"modified":"2025-07-06T12:14:26","modified_gmt":"2025-07-06T10:14:26","slug":"pau","status":"publish","type":"page","link":"https:\/\/ia-dev.hes-so.ch\/ona\/photos\/pau\/","title":{"rendered":"Pau"},"content":{"rendered":"\n<p><strong>1er jour<\/strong><\/p>\n\n\n\n<figure class=\"wp-block-image size-large\"><img decoding=\"async\" src=\"https:\/\/ia-dev.hes-so.ch\/ona\/wp-content\/uploads\/2025\/06\/01-Cathedrale-Sainte-Marie-dAuch-1-768x1024.jpeg\" alt=\"\" class=\"wp-image-1613\"\/><\/figure>\n\n\n\n<p>Entre Albi et Pau, petite halte \u00e0 Auch pour admirer la majestueuse cath\u00e9drale Sainte-Marie\u2026 et v\u00e9rifier qu\u2019on roule toujours droit vers ses objectifs ! Car m\u00eame en itin\u00e9rance universitaire, le plus important reste de garder le cap, surtout quand la signalisation vous indique clairement la voie.<\/p>\n\n\n\n<p><strong>2\u00e8me jour<\/strong><\/p>\n\n\n\n<figure class=\"wp-block-image size-large\"><img loading=\"lazy\" decoding=\"async\" width=\"1024\" height=\"768\" src=\"https:\/\/ia-dev.hes-so.ch\/ona\/wp-content\/uploads\/2025\/06\/02-Larbre-foudroye-1024x768.jpeg\" alt=\"\" class=\"wp-image-1606\" srcset=\"https:\/\/ia-dev.hes-so.ch\/ona\/wp-content\/uploads\/2025\/06\/02-Larbre-foudroye-1024x768.jpeg 1024w, https:\/\/ia-dev.hes-so.ch\/ona\/wp-content\/uploads\/2025\/06\/02-Larbre-foudroye-300x225.jpeg 300w, https:\/\/ia-dev.hes-so.ch\/ona\/wp-content\/uploads\/2025\/06\/02-Larbre-foudroye-768x576.jpeg 768w, https:\/\/ia-dev.hes-so.ch\/ona\/wp-content\/uploads\/2025\/06\/02-Larbre-foudroye-1536x1152.jpeg 1536w, https:\/\/ia-dev.hes-so.ch\/ona\/wp-content\/uploads\/2025\/06\/02-Larbre-foudroye-2048x1536.jpeg 2048w\" sizes=\"auto, (max-width: 1024px) 100vw, 1024px\" \/><\/figure>\n\n\n\n<p>L&rsquo;arriv\u00e9e \u00e0 Pau est marqu\u00e9e par accueil personnalis\u00e9 fa\u00e7on Zeus avec un arbre foudroy\u00e9 pile \u00e0 c\u00f4t\u00e9 de notre emplacement&#8230; Une ambiance \u00e9lectrique garantie pour entamer cette visite.<\/p>\n\n\n\n<p><strong>3\u00e8me jour<\/strong><\/p>\n\n\n\n<figure class=\"wp-block-image size-large\"><img loading=\"lazy\" decoding=\"async\" width=\"1024\" height=\"768\" src=\"https:\/\/ia-dev.hes-so.ch\/ona\/wp-content\/uploads\/2025\/06\/03-Chateau-dHenri-IV-a-Pau-1024x768.jpeg\" alt=\"\" class=\"wp-image-1607\" srcset=\"https:\/\/ia-dev.hes-so.ch\/ona\/wp-content\/uploads\/2025\/06\/03-Chateau-dHenri-IV-a-Pau-1024x768.jpeg 1024w, https:\/\/ia-dev.hes-so.ch\/ona\/wp-content\/uploads\/2025\/06\/03-Chateau-dHenri-IV-a-Pau-300x225.jpeg 300w, https:\/\/ia-dev.hes-so.ch\/ona\/wp-content\/uploads\/2025\/06\/03-Chateau-dHenri-IV-a-Pau-768x576.jpeg 768w, https:\/\/ia-dev.hes-so.ch\/ona\/wp-content\/uploads\/2025\/06\/03-Chateau-dHenri-IV-a-Pau-1536x1152.jpeg 1536w, https:\/\/ia-dev.hes-so.ch\/ona\/wp-content\/uploads\/2025\/06\/03-Chateau-dHenri-IV-a-Pau-2048x1536.jpeg 2048w\" sizes=\"auto, (max-width: 1024px) 100vw, 1024px\" \/><\/figure>\n\n\n\n<p>Apr\u00e8s un accueil orageux digne d\u2019une \u00e9pop\u00e9e gasconne, place \u00e0 l\u2019\u00e9l\u00e9gance du Ch\u00e2teau Henri IV. Pau d\u00e9voile ses charmes sous un ciel encore h\u00e9sitant, l\u2019occasion parfaite pour fl\u00e2ner entre histoire et pav\u00e9s avant de rallier les bancs de l\u2019universit\u00e9.<\/p>\n\n\n\n<p><strong>4\u00e8me jour<\/strong><\/p>\n\n\n\n<figure class=\"wp-block-image size-large\"><img loading=\"lazy\" decoding=\"async\" width=\"768\" height=\"1024\" src=\"https:\/\/ia-dev.hes-so.ch\/ona\/wp-content\/uploads\/2025\/06\/04-Eglise-Saint-Martin-a-Pau-768x1024.jpeg\" alt=\"\" class=\"wp-image-1608\" srcset=\"https:\/\/ia-dev.hes-so.ch\/ona\/wp-content\/uploads\/2025\/06\/04-Eglise-Saint-Martin-a-Pau-768x1024.jpeg 768w, https:\/\/ia-dev.hes-so.ch\/ona\/wp-content\/uploads\/2025\/06\/04-Eglise-Saint-Martin-a-Pau-225x300.jpeg 225w, https:\/\/ia-dev.hes-so.ch\/ona\/wp-content\/uploads\/2025\/06\/04-Eglise-Saint-Martin-a-Pau-1152x1536.jpeg 1152w, https:\/\/ia-dev.hes-so.ch\/ona\/wp-content\/uploads\/2025\/06\/04-Eglise-Saint-Martin-a-Pau-1536x2048.jpeg 1536w, https:\/\/ia-dev.hes-so.ch\/ona\/wp-content\/uploads\/2025\/06\/04-Eglise-Saint-Martin-a-Pau-scaled.jpeg 1920w\" sizes=\"auto, (max-width: 768px) 100vw, 768px\" \/><\/figure>\n\n\n\n<p>Depuis Pau, un clin d&rsquo;\u0153il inattendu \u00e0 l\u2019Ajoie : l\u2019\u00e9glise Saint-Martin rappelle que le 11 novembre, en plus d\u2019honorer un saint au grand c\u0153ur, on sait aussi, c\u00f4t\u00e9 jurassien, honorer dignement le cochon ! Entre spiritualit\u00e9 et bonne ch\u00e8re, la Saint-Martin fait le lien entre les clochers de France et les festins de Suisse.<\/p>\n\n\n\n<p><strong>5\u00e8me jour<\/strong><\/p>\n\n\n\n<figure class=\"wp-block-image size-large\"><img loading=\"lazy\" decoding=\"async\" width=\"768\" height=\"1024\" src=\"https:\/\/ia-dev.hes-so.ch\/ona\/wp-content\/uploads\/2025\/06\/05-Cathedrale-de-Pau-768x1024.jpeg\" alt=\"\" class=\"wp-image-1609\" srcset=\"https:\/\/ia-dev.hes-so.ch\/ona\/wp-content\/uploads\/2025\/06\/05-Cathedrale-de-Pau-768x1024.jpeg 768w, https:\/\/ia-dev.hes-so.ch\/ona\/wp-content\/uploads\/2025\/06\/05-Cathedrale-de-Pau-225x300.jpeg 225w, https:\/\/ia-dev.hes-so.ch\/ona\/wp-content\/uploads\/2025\/06\/05-Cathedrale-de-Pau-1152x1536.jpeg 1152w, https:\/\/ia-dev.hes-so.ch\/ona\/wp-content\/uploads\/2025\/06\/05-Cathedrale-de-Pau-1536x2048.jpeg 1536w, https:\/\/ia-dev.hes-so.ch\/ona\/wp-content\/uploads\/2025\/06\/05-Cathedrale-de-Pau-scaled.jpeg 1920w\" sizes=\"auto, (max-width: 768px) 100vw, 768px\" \/><\/figure>\n\n\n\n<p>Avec ses deux fl\u00e8ches dress\u00e9es dans un ciel capricieux, la cath\u00e9drale de Pau marque la derni\u00e8re escale avant l\u2019universit\u00e9. Un dernier souffle d\u2019histoire et de pierre, avant de plonger dans la science, les projets et l\u2019innovation.<\/p>\n\n\n\n<p><strong>6\u00e8me jour<\/strong><\/p>\n\n\n\n<figure class=\"wp-block-image size-large\"><img loading=\"lazy\" decoding=\"async\" width=\"1024\" height=\"768\" src=\"https:\/\/ia-dev.hes-so.ch\/ona\/wp-content\/uploads\/2025\/06\/06-Universite-de-Pau-1024x768.jpeg\" alt=\"\" class=\"wp-image-1610\" srcset=\"https:\/\/ia-dev.hes-so.ch\/ona\/wp-content\/uploads\/2025\/06\/06-Universite-de-Pau-1024x768.jpeg 1024w, https:\/\/ia-dev.hes-so.ch\/ona\/wp-content\/uploads\/2025\/06\/06-Universite-de-Pau-300x225.jpeg 300w, https:\/\/ia-dev.hes-so.ch\/ona\/wp-content\/uploads\/2025\/06\/06-Universite-de-Pau-768x576.jpeg 768w, https:\/\/ia-dev.hes-so.ch\/ona\/wp-content\/uploads\/2025\/06\/06-Universite-de-Pau-1536x1152.jpeg 1536w, https:\/\/ia-dev.hes-so.ch\/ona\/wp-content\/uploads\/2025\/06\/06-Universite-de-Pau-2048x1536.jpeg 2048w\" sizes=\"auto, (max-width: 1024px) 100vw, 1024px\" \/><\/figure>\n\n\n\n<p>Au c\u0153ur de Pau, l\u2019Universit\u00e9 s\u2019ouvre sur un campus verdoyant o\u00f9 les sciences et l&rsquo;art poussent \u00e0 l\u2019ombre des arbres. Un havre paisible, propice \u00e0 l\u2019\u00e9tude, o\u00f9 la nature semble chuchoter aux \u00e9tudiantes et aux \u00e9tudiants : \u201cPrenez le temps\u2026 d\u2019apprendre.\u201d<\/p>\n\n\n\n<p><strong>7\u00e8me jour<\/strong> (Lundi 30 juin)<\/p>\n\n\n\n<figure class=\"wp-block-image size-large\"><img loading=\"lazy\" decoding=\"async\" width=\"768\" height=\"1024\" src=\"https:\/\/ia-dev.hes-so.ch\/ona\/wp-content\/uploads\/2025\/06\/07-Street-art-a-lUniversite-de-Pau-768x1024.jpeg\" alt=\"\" class=\"wp-image-1611\" srcset=\"https:\/\/ia-dev.hes-so.ch\/ona\/wp-content\/uploads\/2025\/06\/07-Street-art-a-lUniversite-de-Pau-768x1024.jpeg 768w, https:\/\/ia-dev.hes-so.ch\/ona\/wp-content\/uploads\/2025\/06\/07-Street-art-a-lUniversite-de-Pau-225x300.jpeg 225w, https:\/\/ia-dev.hes-so.ch\/ona\/wp-content\/uploads\/2025\/06\/07-Street-art-a-lUniversite-de-Pau-1152x1536.jpeg 1152w, https:\/\/ia-dev.hes-so.ch\/ona\/wp-content\/uploads\/2025\/06\/07-Street-art-a-lUniversite-de-Pau-1536x2048.jpeg 1536w, https:\/\/ia-dev.hes-so.ch\/ona\/wp-content\/uploads\/2025\/06\/07-Street-art-a-lUniversite-de-Pau-scaled.jpeg 1920w\" sizes=\"auto, (max-width: 768px) 100vw, 768px\" \/><\/figure>\n\n\n\n<p>Un dernier clin d\u2019\u0153il espi\u00e8gle avant de reprendre la route avec ce petit diable qui veille sur les murs de l\u2019universit\u00e9 en nous invitant \u00e0 revenir quand on veut.<br><\/p>\n\n\n\n<p>Lien vers la ville suivante : <a href=\"https:\/\/ia-dev.hes-so.ch\/ona\/photos\/pampelune\/\" data-type=\"page\" data-id=\"1478\">Pampelune<\/a><\/p>\n","protected":false},"excerpt":{"rendered":"<p>1er jour Entre Albi et Pau, petite halte \u00e0 Auch pour admirer la majestueuse cath\u00e9drale Sainte-Marie\u2026 et v\u00e9rifier qu\u2019on roule [&hellip;]<\/p>\n","protected":false},"author":1,"featured_media":0,"parent":173,"menu_order":17,"comment_status":"closed","ping_status":"closed","template":"","meta":{"footnotes":""},"class_list":["post-1473","page","type-page","status-publish","hentry"],"_links":{"self":[{"href":"https:\/\/ia-dev.hes-so.ch\/ona\/wp-json\/wp\/v2\/pages\/1473","targetHints":{"allow":["GET"]}}],"collection":[{"href":"https:\/\/ia-dev.hes-so.ch\/ona\/wp-json\/wp\/v2\/pages"}],"about":[{"href":"https:\/\/ia-dev.hes-so.ch\/ona\/wp-json\/wp\/v2\/types\/page"}],"author":[{"embeddable":true,"href":"https:\/\/ia-dev.hes-so.ch\/ona\/wp-json\/wp\/v2\/users\/1"}],"replies":[{"embeddable":true,"href":"https:\/\/ia-dev.hes-so.ch\/ona\/wp-json\/wp\/v2\/comments?post=1473"}],"version-history":[{"count":11,"href":"https:\/\/ia-dev.hes-so.ch\/ona\/wp-json\/wp\/v2\/pages\/1473\/revisions"}],"predecessor-version":[{"id":1677,"href":"https:\/\/ia-dev.hes-so.ch\/ona\/wp-json\/wp\/v2\/pages\/1473\/revisions\/1677"}],"up":[{"embeddable":true,"href":"https:\/\/ia-dev.hes-so.ch\/ona\/wp-json\/wp\/v2\/pages\/173"}],"wp:attachment":[{"href":"https:\/\/ia-dev.hes-so.ch\/ona\/wp-json\/wp\/v2\/media?parent=1473"}],"curies":[{"name":"wp","href":"https:\/\/api.w.org\/{rel}","templated":true}]}}