{"id":1754,"date":"2025-08-17T09:21:22","date_gmt":"2025-08-17T07:21:22","guid":{"rendered":"https:\/\/ia-dev.hes-so.ch\/ona\/?page_id=1754"},"modified":"2025-08-18T09:38:49","modified_gmt":"2025-08-18T07:38:49","slug":"irlande-du-nord","status":"publish","type":"page","link":"https:\/\/ia-dev.hes-so.ch\/ona\/photos\/irlande-du-nord\/","title":{"rendered":"Irlande du Nord"},"content":{"rendered":"\n<p><strong>1<sup>er<\/sup> jour<\/strong><\/p>\n\n\n\n<figure class=\"wp-block-image size-large\"><img loading=\"lazy\" decoding=\"async\" width=\"1024\" height=\"768\" src=\"https:\/\/ia-dev.hes-so.ch\/ona\/wp-content\/uploads\/2025\/08\/01-Derry-Street-art-1024x768.jpg\" alt=\"\" class=\"wp-image-1757\" srcset=\"https:\/\/ia-dev.hes-so.ch\/ona\/wp-content\/uploads\/2025\/08\/01-Derry-Street-art-1024x768.jpg 1024w, https:\/\/ia-dev.hes-so.ch\/ona\/wp-content\/uploads\/2025\/08\/01-Derry-Street-art-300x225.jpg 300w, https:\/\/ia-dev.hes-so.ch\/ona\/wp-content\/uploads\/2025\/08\/01-Derry-Street-art-768x576.jpg 768w, https:\/\/ia-dev.hes-so.ch\/ona\/wp-content\/uploads\/2025\/08\/01-Derry-Street-art-1536x1152.jpg 1536w, https:\/\/ia-dev.hes-so.ch\/ona\/wp-content\/uploads\/2025\/08\/01-Derry-Street-art-2048x1536.jpg 2048w\" sizes=\"auto, (max-width: 1024px) 100vw, 1024px\" \/><\/figure>\n\n\n\n<p>\u00c0 Derry \u2013 ou Londonderry, selon les sensibilit\u00e9s \u2013, le street art refl\u00e8te l\u2019identit\u00e9 complexe et r\u00e9siliente de cette ville frontali\u00e8re. Cette fresque m\u00eale humour populaire, avec une publicit\u00e9 d\u00e9tourn\u00e9e pour la Guinness, et symbolisme national, avec la harpe irlandaise, embl\u00e8me ambivalent selon qu\u2019elle se contemple au pub ou comme symbole de fiert\u00e9 et de r\u00e9sistance.<\/p>\n\n\n\n<p><strong>2<sup>\u00e8me<\/sup> jour<\/strong><\/p>\n\n\n\n<figure class=\"wp-block-image size-large\"><img loading=\"lazy\" decoding=\"async\" width=\"1024\" height=\"559\" src=\"https:\/\/ia-dev.hes-so.ch\/ona\/wp-content\/uploads\/2025\/08\/02-Derry-Fablab-1024x559.jpg\" alt=\"\" class=\"wp-image-1758\" srcset=\"https:\/\/ia-dev.hes-so.ch\/ona\/wp-content\/uploads\/2025\/08\/02-Derry-Fablab-1024x559.jpg 1024w, https:\/\/ia-dev.hes-so.ch\/ona\/wp-content\/uploads\/2025\/08\/02-Derry-Fablab-300x164.jpg 300w, https:\/\/ia-dev.hes-so.ch\/ona\/wp-content\/uploads\/2025\/08\/02-Derry-Fablab-768x420.jpg 768w, https:\/\/ia-dev.hes-so.ch\/ona\/wp-content\/uploads\/2025\/08\/02-Derry-Fablab-1536x839.jpg 1536w, https:\/\/ia-dev.hes-so.ch\/ona\/wp-content\/uploads\/2025\/08\/02-Derry-Fablab-2048x1119.jpg 2048w\" sizes=\"auto, (max-width: 1024px) 100vw, 1024px\" \/><\/figure>\n\n\n\n<p>\u00c0 Derry, le Fablab du Nerve Centre affiche une promesse forte et inclusive : <em>Dream, Make, Play<\/em>. Comme celui de la Haute \u00c9cole Arc, ce lieu incite \u00e0 oser, penser et cr\u00e9er. Il ouvre les portes de la fabrication num\u00e9rique aux jeunes (et moins jeunes), \u00e9veillant vocations techniques et cr\u00e9ativit\u00e9 appliqu\u00e9e.<\/p>\n\n\n\n<p><strong>3<sup>\u00e8me<\/sup> jour<\/strong><\/p>\n\n\n\n<figure class=\"wp-block-image size-large\"><img loading=\"lazy\" decoding=\"async\" width=\"1024\" height=\"583\" src=\"https:\/\/ia-dev.hes-so.ch\/ona\/wp-content\/uploads\/2025\/08\/03-Derry-The-Peace-Bridge-1024x583.jpg\" alt=\"\" class=\"wp-image-1759\" srcset=\"https:\/\/ia-dev.hes-so.ch\/ona\/wp-content\/uploads\/2025\/08\/03-Derry-The-Peace-Bridge-1024x583.jpg 1024w, https:\/\/ia-dev.hes-so.ch\/ona\/wp-content\/uploads\/2025\/08\/03-Derry-The-Peace-Bridge-300x171.jpg 300w, https:\/\/ia-dev.hes-so.ch\/ona\/wp-content\/uploads\/2025\/08\/03-Derry-The-Peace-Bridge-768x437.jpg 768w, https:\/\/ia-dev.hes-so.ch\/ona\/wp-content\/uploads\/2025\/08\/03-Derry-The-Peace-Bridge-1536x875.jpg 1536w, https:\/\/ia-dev.hes-so.ch\/ona\/wp-content\/uploads\/2025\/08\/03-Derry-The-Peace-Bridge-2048x1166.jpg 2048w\" sizes=\"auto, (max-width: 1024px) 100vw, 1024px\" \/><\/figure>\n\n\n\n<p>Le Peace Bridge, construit en 2011 gr\u00e2ce au programme europ\u00e9en PEACE III, relie deux rives longtemps s\u00e9par\u00e9es : les communaut\u00e9s nationalistes et unionistes de Derry. Symbole fort de r\u00e9conciliation, il incarne aussi une vision de l\u2019Europe tourn\u00e9e vers la paix. En ces temps de replis nationalistes, ce pont nous rappelle qu\u2019au-del\u00e0 des fronti\u00e8res, ce sont les liens qui unissent qui forgent les soci\u00e9t\u00e9s durables.<\/p>\n\n\n\n<p><strong>4<sup>\u00e8me<\/sup> jour<\/strong><\/p>\n\n\n\n<figure class=\"wp-block-image size-large\"><img loading=\"lazy\" decoding=\"async\" width=\"691\" height=\"1024\" src=\"https:\/\/ia-dev.hes-so.ch\/ona\/wp-content\/uploads\/2025\/08\/04-Giants-Causeway-691x1024.jpg\" alt=\"\" class=\"wp-image-1760\" srcset=\"https:\/\/ia-dev.hes-so.ch\/ona\/wp-content\/uploads\/2025\/08\/04-Giants-Causeway-691x1024.jpg 691w, https:\/\/ia-dev.hes-so.ch\/ona\/wp-content\/uploads\/2025\/08\/04-Giants-Causeway-202x300.jpg 202w, https:\/\/ia-dev.hes-so.ch\/ona\/wp-content\/uploads\/2025\/08\/04-Giants-Causeway-768x1139.jpg 768w, https:\/\/ia-dev.hes-so.ch\/ona\/wp-content\/uploads\/2025\/08\/04-Giants-Causeway-1036x1536.jpg 1036w, https:\/\/ia-dev.hes-so.ch\/ona\/wp-content\/uploads\/2025\/08\/04-Giants-Causeway-1381x2048.jpg 1381w, https:\/\/ia-dev.hes-so.ch\/ona\/wp-content\/uploads\/2025\/08\/04-Giants-Causeway-scaled.jpg 1726w\" sizes=\"auto, (max-width: 691px) 100vw, 691px\" \/><\/figure>\n\n\n\n<p>Le Giant\u2019s Causeway est un t\u00e9moignage saisissant de l\u2019activit\u00e9 volcanique ancienne. Ces colonnes de basalte, form\u00e9es par le lent refroidissement de la lave, dessinent une g\u00e9om\u00e9trie presque parfaite qui \u00e9voque, pour les chimistes, les cycles du carbone cristallis\u00e9s par la nature. Une \u0153uvre min\u00e9rale et mill\u00e9naire, \u00e0 la crois\u00e9e des sciences de la Terre et de l\u2019imaginaire.<\/p>\n\n\n\n<p><strong>5<sup>\u00e8me<\/sup> jour<\/strong><\/p>\n\n\n\n<figure class=\"wp-block-image size-large\"><img loading=\"lazy\" decoding=\"async\" width=\"1004\" height=\"1024\" src=\"https:\/\/ia-dev.hes-so.ch\/ona\/wp-content\/uploads\/2025\/08\/05-The-Dark-Hedges-1004x1024.jpg\" alt=\"\" class=\"wp-image-1761\" srcset=\"https:\/\/ia-dev.hes-so.ch\/ona\/wp-content\/uploads\/2025\/08\/05-The-Dark-Hedges-1004x1024.jpg 1004w, https:\/\/ia-dev.hes-so.ch\/ona\/wp-content\/uploads\/2025\/08\/05-The-Dark-Hedges-294x300.jpg 294w, https:\/\/ia-dev.hes-so.ch\/ona\/wp-content\/uploads\/2025\/08\/05-The-Dark-Hedges-768x783.jpg 768w, https:\/\/ia-dev.hes-so.ch\/ona\/wp-content\/uploads\/2025\/08\/05-The-Dark-Hedges-1506x1536.jpg 1506w, https:\/\/ia-dev.hes-so.ch\/ona\/wp-content\/uploads\/2025\/08\/05-The-Dark-Hedges-2008x2048.jpg 2008w\" sizes=\"auto, (max-width: 1004px) 100vw, 1004px\" \/><\/figure>\n\n\n\n<p>Alignement spectaculaire de h\u00eatres centenaires plant\u00e9s au XVIIIe si\u00e8cle par James Stuart, The Dark Hedges nous transporte hors du temps. Elle est connue des fans de <em>Game of Thrones<\/em> comme la mythique \u00ab\u00a0King\u2019s Road\u00a0\u00bb reliant les sept royaumes. Entre brume et lumi\u00e8re, ce couloir v\u00e9g\u00e9tal semble ouvrir un passage vers un autre monde\u2026<\/p>\n\n\n\n<p><strong>6<sup>\u00e8me<\/sup> jour<\/strong><\/p>\n\n\n\n<figure class=\"wp-block-image size-large\"><img loading=\"lazy\" decoding=\"async\" width=\"843\" height=\"1024\" src=\"https:\/\/ia-dev.hes-so.ch\/ona\/wp-content\/uploads\/2025\/08\/06-Hotel-de-ville-de-Belfast-843x1024.jpg\" alt=\"\" class=\"wp-image-1762\" srcset=\"https:\/\/ia-dev.hes-so.ch\/ona\/wp-content\/uploads\/2025\/08\/06-Hotel-de-ville-de-Belfast-843x1024.jpg 843w, https:\/\/ia-dev.hes-so.ch\/ona\/wp-content\/uploads\/2025\/08\/06-Hotel-de-ville-de-Belfast-247x300.jpg 247w, https:\/\/ia-dev.hes-so.ch\/ona\/wp-content\/uploads\/2025\/08\/06-Hotel-de-ville-de-Belfast-768x933.jpg 768w, https:\/\/ia-dev.hes-so.ch\/ona\/wp-content\/uploads\/2025\/08\/06-Hotel-de-ville-de-Belfast-1265x1536.jpg 1265w, https:\/\/ia-dev.hes-so.ch\/ona\/wp-content\/uploads\/2025\/08\/06-Hotel-de-ville-de-Belfast-1686x2048.jpg 1686w\" sizes=\"auto, (max-width: 843px) 100vw, 843px\" \/><\/figure>\n\n\n\n<p>Joyau architectural, le Belfast City Hall s\u2019\u00e9l\u00e8ve fi\u00e8rement entre les quartiers commer\u00e7ants et le centre des affaires. Inaugur\u00e9 en 1906, il symbolise l\u2019\u00e2ge d\u2019or industriel de la ville, port\u00e9 par le commerce du lin et l\u2019essor des chantiers navals. C\u2019est dans ce contexte de prosp\u00e9rit\u00e9 que le Titanic fut construit \u00e0 Belfast, t\u00e9moignage de l\u2019ambition et du savoir-faire technique de l\u2019\u00e9poque.<\/p>\n\n\n\n<p><strong>7<sup>\u00e8me<\/sup> jour<\/strong> (4 ao\u00fbt)<\/p>\n\n\n\n<figure class=\"wp-block-image size-large\"><img loading=\"lazy\" decoding=\"async\" width=\"817\" height=\"1024\" src=\"https:\/\/ia-dev.hes-so.ch\/ona\/wp-content\/uploads\/2025\/08\/07-Street-art-a-Belfast-817x1024.jpg\" alt=\"\" class=\"wp-image-1763\" srcset=\"https:\/\/ia-dev.hes-so.ch\/ona\/wp-content\/uploads\/2025\/08\/07-Street-art-a-Belfast-817x1024.jpg 817w, https:\/\/ia-dev.hes-so.ch\/ona\/wp-content\/uploads\/2025\/08\/07-Street-art-a-Belfast-239x300.jpg 239w, https:\/\/ia-dev.hes-so.ch\/ona\/wp-content\/uploads\/2025\/08\/07-Street-art-a-Belfast-768x963.jpg 768w, https:\/\/ia-dev.hes-so.ch\/ona\/wp-content\/uploads\/2025\/08\/07-Street-art-a-Belfast-1225x1536.jpg 1225w, https:\/\/ia-dev.hes-so.ch\/ona\/wp-content\/uploads\/2025\/08\/07-Street-art-a-Belfast-1634x2048.jpg 1634w, https:\/\/ia-dev.hes-so.ch\/ona\/wp-content\/uploads\/2025\/08\/07-Street-art-a-Belfast.jpg 1712w\" sizes=\"auto, (max-width: 817px) 100vw, 817px\" \/><\/figure>\n\n\n\n<p>Street art \u00e0 Belfast : entre introspection et \u00e9nergie combattive, cette fresque color\u00e9e \u00e9voque une m\u00e9ditation avant le prochain round. Une image saisissante pour symboliser le passage, tout en \u00e9quilibre, entre l\u2019Irlande et l\u2019\u00c9cosse.<\/p>\n\n\n\n<p>Lien vers la r\u00e9gion suivante : <a href=\"https:\/\/ia-dev.hes-so.ch\/ona\/photos\/region-de-glasgow\/\" data-type=\"page\" data-id=\"1773\">R\u00e9gion de Glasgow<\/a><\/p>\n","protected":false},"excerpt":{"rendered":"<p>1er jour \u00c0 Derry \u2013 ou Londonderry, selon les sensibilit\u00e9s \u2013, le street art refl\u00e8te l\u2019identit\u00e9 complexe et r\u00e9siliente de [&hellip;]<\/p>\n","protected":false},"author":1,"featured_media":0,"parent":173,"menu_order":23,"comment_status":"closed","ping_status":"closed","template":"","meta":{"footnotes":""},"class_list":["post-1754","page","type-page","status-publish","hentry"],"_links":{"self":[{"href":"https:\/\/ia-dev.hes-so.ch\/ona\/wp-json\/wp\/v2\/pages\/1754","targetHints":{"allow":["GET"]}}],"collection":[{"href":"https:\/\/ia-dev.hes-so.ch\/ona\/wp-json\/wp\/v2\/pages"}],"about":[{"href":"https:\/\/ia-dev.hes-so.ch\/ona\/wp-json\/wp\/v2\/types\/page"}],"author":[{"embeddable":true,"href":"https:\/\/ia-dev.hes-so.ch\/ona\/wp-json\/wp\/v2\/users\/1"}],"replies":[{"embeddable":true,"href":"https:\/\/ia-dev.hes-so.ch\/ona\/wp-json\/wp\/v2\/comments?post=1754"}],"version-history":[{"count":8,"href":"https:\/\/ia-dev.hes-so.ch\/ona\/wp-json\/wp\/v2\/pages\/1754\/revisions"}],"predecessor-version":[{"id":1833,"href":"https:\/\/ia-dev.hes-so.ch\/ona\/wp-json\/wp\/v2\/pages\/1754\/revisions\/1833"}],"up":[{"embeddable":true,"href":"https:\/\/ia-dev.hes-so.ch\/ona\/wp-json\/wp\/v2\/pages\/173"}],"wp:attachment":[{"href":"https:\/\/ia-dev.hes-so.ch\/ona\/wp-json\/wp\/v2\/media?parent=1754"}],"curies":[{"name":"wp","href":"https:\/\/api.w.org\/{rel}","templated":true}]}}

<p><strong>1<sup>er</sup> jour</strong></p>



<figure class="wp-block-image size-large"><img loading="lazy" decoding="async" width="1024" height="768" src="https://ia-dev.hes-so.ch/ona/wp-content/uploads/2025/08/01-Derry-Street-art-1024x768.jpg" alt="" class="wp-image-1757" srcset="https://ia-dev.hes-so.ch/ona/wp-content/uploads/2025/08/01-Derry-Street-art-1024x768.jpg 1024w, https://ia-dev.hes-so.ch/ona/wp-content/uploads/2025/08/01-Derry-Street-art-300x225.jpg 300w, https://ia-dev.hes-so.ch/ona/wp-content/uploads/2025/08/01-Derry-Street-art-768x576.jpg 768w, https://ia-dev.hes-so.ch/ona/wp-content/uploads/2025/08/01-Derry-Street-art-1536x1152.jpg 1536w, https://ia-dev.hes-so.ch/ona/wp-content/uploads/2025/08/01-Derry-Street-art-2048x1536.jpg 2048w" sizes="auto, (max-width: 1024px) 100vw, 1024px" /></figure>



<p>À Derry – ou Londonderry, selon les sensibilités –, le street art reflète l’identité complexe et résiliente de cette ville frontalière. Cette fresque mêle humour populaire, avec une publicité détournée pour la Guinness, et symbolisme national, avec la harpe irlandaise, emblème ambivalent selon qu’elle se contemple au pub ou comme symbole de fierté et de résistance.</p>



<p><strong>2<sup>ème</sup> jour</strong></p>



<figure class="wp-block-image size-large"><img loading="lazy" decoding="async" width="1024" height="559" src="https://ia-dev.hes-so.ch/ona/wp-content/uploads/2025/08/02-Derry-Fablab-1024x559.jpg" alt="" class="wp-image-1758" srcset="https://ia-dev.hes-so.ch/ona/wp-content/uploads/2025/08/02-Derry-Fablab-1024x559.jpg 1024w, https://ia-dev.hes-so.ch/ona/wp-content/uploads/2025/08/02-Derry-Fablab-300x164.jpg 300w, https://ia-dev.hes-so.ch/ona/wp-content/uploads/2025/08/02-Derry-Fablab-768x420.jpg 768w, https://ia-dev.hes-so.ch/ona/wp-content/uploads/2025/08/02-Derry-Fablab-1536x839.jpg 1536w, https://ia-dev.hes-so.ch/ona/wp-content/uploads/2025/08/02-Derry-Fablab-2048x1119.jpg 2048w" sizes="auto, (max-width: 1024px) 100vw, 1024px" /></figure>



<p>À Derry, le Fablab du Nerve Centre affiche une promesse forte et inclusive : <em>Dream, Make, Play</em>. Comme celui de la Haute École Arc, ce lieu incite à oser, penser et créer. Il ouvre les portes de la fabrication numérique aux jeunes (et moins jeunes), éveillant vocations techniques et créativité appliquée.</p>



<p><strong>3<sup>ème</sup> jour</strong></p>



<figure class="wp-block-image size-large"><img loading="lazy" decoding="async" width="1024" height="583" src="https://ia-dev.hes-so.ch/ona/wp-content/uploads/2025/08/03-Derry-The-Peace-Bridge-1024x583.jpg" alt="" class="wp-image-1759" srcset="https://ia-dev.hes-so.ch/ona/wp-content/uploads/2025/08/03-Derry-The-Peace-Bridge-1024x583.jpg 1024w, https://ia-dev.hes-so.ch/ona/wp-content/uploads/2025/08/03-Derry-The-Peace-Bridge-300x171.jpg 300w, https://ia-dev.hes-so.ch/ona/wp-content/uploads/2025/08/03-Derry-The-Peace-Bridge-768x437.jpg 768w, https://ia-dev.hes-so.ch/ona/wp-content/uploads/2025/08/03-Derry-The-Peace-Bridge-1536x875.jpg 1536w, https://ia-dev.hes-so.ch/ona/wp-content/uploads/2025/08/03-Derry-The-Peace-Bridge-2048x1166.jpg 2048w" sizes="auto, (max-width: 1024px) 100vw, 1024px" /></figure>



<p>Le Peace Bridge, construit en 2011 grâce au programme européen PEACE III, relie deux rives longtemps séparées : les communautés nationalistes et unionistes de Derry. Symbole fort de réconciliation, il incarne aussi une vision de l’Europe tournée vers la paix. En ces temps de replis nationalistes, ce pont nous rappelle qu’au-delà des frontières, ce sont les liens qui unissent qui forgent les sociétés durables.</p>



<p><strong>4<sup>ème</sup> jour</strong></p>



<figure class="wp-block-image size-large"><img loading="lazy" decoding="async" width="691" height="1024" src="https://ia-dev.hes-so.ch/ona/wp-content/uploads/2025/08/04-Giants-Causeway-691x1024.jpg" alt="" class="wp-image-1760" srcset="https://ia-dev.hes-so.ch/ona/wp-content/uploads/2025/08/04-Giants-Causeway-691x1024.jpg 691w, https://ia-dev.hes-so.ch/ona/wp-content/uploads/2025/08/04-Giants-Causeway-202x300.jpg 202w, https://ia-dev.hes-so.ch/ona/wp-content/uploads/2025/08/04-Giants-Causeway-768x1139.jpg 768w, https://ia-dev.hes-so.ch/ona/wp-content/uploads/2025/08/04-Giants-Causeway-1036x1536.jpg 1036w, https://ia-dev.hes-so.ch/ona/wp-content/uploads/2025/08/04-Giants-Causeway-1381x2048.jpg 1381w, https://ia-dev.hes-so.ch/ona/wp-content/uploads/2025/08/04-Giants-Causeway-scaled.jpg 1726w" sizes="auto, (max-width: 691px) 100vw, 691px" /></figure>



<p>Le Giant’s Causeway est un témoignage saisissant de l’activité volcanique ancienne. Ces colonnes de basalte, formées par le lent refroidissement de la lave, dessinent une géométrie presque parfaite qui évoque, pour les chimistes, les cycles du carbone cristallisés par la nature. Une œuvre minérale et millénaire, à la croisée des sciences de la Terre et de l’imaginaire.</p>



<p><strong>5<sup>ème</sup> jour</strong></p>



<figure class="wp-block-image size-large"><img loading="lazy" decoding="async" width="1004" height="1024" src="https://ia-dev.hes-so.ch/ona/wp-content/uploads/2025/08/05-The-Dark-Hedges-1004x1024.jpg" alt="" class="wp-image-1761" srcset="https://ia-dev.hes-so.ch/ona/wp-content/uploads/2025/08/05-The-Dark-Hedges-1004x1024.jpg 1004w, https://ia-dev.hes-so.ch/ona/wp-content/uploads/2025/08/05-The-Dark-Hedges-294x300.jpg 294w, https://ia-dev.hes-so.ch/ona/wp-content/uploads/2025/08/05-The-Dark-Hedges-768x783.jpg 768w, https://ia-dev.hes-so.ch/ona/wp-content/uploads/2025/08/05-The-Dark-Hedges-1506x1536.jpg 1506w, https://ia-dev.hes-so.ch/ona/wp-content/uploads/2025/08/05-The-Dark-Hedges-2008x2048.jpg 2008w" sizes="auto, (max-width: 1004px) 100vw, 1004px" /></figure>



<p>Alignement spectaculaire de hêtres centenaires plantés au XVIIIe siècle par James Stuart, The Dark Hedges nous transporte hors du temps. Elle est connue des fans de <em>Game of Thrones</em> comme la mythique « King’s Road » reliant les sept royaumes. Entre brume et lumière, ce couloir végétal semble ouvrir un passage vers un autre monde…</p>



<p><strong>6<sup>ème</sup> jour</strong></p>



<figure class="wp-block-image size-large"><img loading="lazy" decoding="async" width="843" height="1024" src="https://ia-dev.hes-so.ch/ona/wp-content/uploads/2025/08/06-Hotel-de-ville-de-Belfast-843x1024.jpg" alt="" class="wp-image-1762" srcset="https://ia-dev.hes-so.ch/ona/wp-content/uploads/2025/08/06-Hotel-de-ville-de-Belfast-843x1024.jpg 843w, https://ia-dev.hes-so.ch/ona/wp-content/uploads/2025/08/06-Hotel-de-ville-de-Belfast-247x300.jpg 247w, https://ia-dev.hes-so.ch/ona/wp-content/uploads/2025/08/06-Hotel-de-ville-de-Belfast-768x933.jpg 768w, https://ia-dev.hes-so.ch/ona/wp-content/uploads/2025/08/06-Hotel-de-ville-de-Belfast-1265x1536.jpg 1265w, https://ia-dev.hes-so.ch/ona/wp-content/uploads/2025/08/06-Hotel-de-ville-de-Belfast-1686x2048.jpg 1686w" sizes="auto, (max-width: 843px) 100vw, 843px" /></figure>



<p>Joyau architectural, le Belfast City Hall s’élève fièrement entre les quartiers commerçants et le centre des affaires. Inauguré en 1906, il symbolise l’âge d’or industriel de la ville, porté par le commerce du lin et l’essor des chantiers navals. C’est dans ce contexte de prospérité que le Titanic fut construit à Belfast, témoignage de l’ambition et du savoir-faire technique de l’époque.</p>



<p><strong>7<sup>ème</sup> jour</strong> (4 août)</p>



<figure class="wp-block-image size-large"><img loading="lazy" decoding="async" width="817" height="1024" src="https://ia-dev.hes-so.ch/ona/wp-content/uploads/2025/08/07-Street-art-a-Belfast-817x1024.jpg" alt="" class="wp-image-1763" srcset="https://ia-dev.hes-so.ch/ona/wp-content/uploads/2025/08/07-Street-art-a-Belfast-817x1024.jpg 817w, https://ia-dev.hes-so.ch/ona/wp-content/uploads/2025/08/07-Street-art-a-Belfast-239x300.jpg 239w, https://ia-dev.hes-so.ch/ona/wp-content/uploads/2025/08/07-Street-art-a-Belfast-768x963.jpg 768w, https://ia-dev.hes-so.ch/ona/wp-content/uploads/2025/08/07-Street-art-a-Belfast-1225x1536.jpg 1225w, https://ia-dev.hes-so.ch/ona/wp-content/uploads/2025/08/07-Street-art-a-Belfast-1634x2048.jpg 1634w, https://ia-dev.hes-so.ch/ona/wp-content/uploads/2025/08/07-Street-art-a-Belfast.jpg 1712w" sizes="auto, (max-width: 817px) 100vw, 817px" /></figure>



<p>Street art à Belfast : entre introspection et énergie combattive, cette fresque colorée évoque une méditation avant le prochain round. Une image saisissante pour symboliser le passage, tout en équilibre, entre l’Irlande et l’Écosse.</p>



<p>Lien vers la région suivante : <a href="https://ia-dev.hes-so.ch/ona/photos/region-de-glasgow/" data-type="page" data-id="1773">Région de Glasgow</a></p>

<p>1er jour À Derry – ou Londonderry, selon les sensibilités –, le street art reflète l’identité complexe et résiliente de [&hellip;]</p>
