{"id":1773,"date":"2025-08-17T11:52:43","date_gmt":"2025-08-17T09:52:43","guid":{"rendered":"https:\/\/ia-dev.hes-so.ch\/ona\/?page_id=1773"},"modified":"2025-08-18T09:39:10","modified_gmt":"2025-08-18T07:39:10","slug":"region-de-glasgow","status":"publish","type":"page","link":"https:\/\/ia-dev.hes-so.ch\/ona\/photos\/region-de-glasgow\/","title":{"rendered":"R\u00e9gion de Glasgow"},"content":{"rendered":"\n<p><strong>1<sup>er<\/sup> jour<\/strong><\/p>\n\n\n\n<figure class=\"wp-block-image size-large\"><img loading=\"lazy\" decoding=\"async\" width=\"1024\" height=\"678\" src=\"https:\/\/ia-dev.hes-so.ch\/ona\/wp-content\/uploads\/2025\/08\/01-Paysage-dEcosse-1024x678.jpg\" alt=\"\" class=\"wp-image-1801\" srcset=\"https:\/\/ia-dev.hes-so.ch\/ona\/wp-content\/uploads\/2025\/08\/01-Paysage-dEcosse-1024x678.jpg 1024w, https:\/\/ia-dev.hes-so.ch\/ona\/wp-content\/uploads\/2025\/08\/01-Paysage-dEcosse-300x199.jpg 300w, https:\/\/ia-dev.hes-so.ch\/ona\/wp-content\/uploads\/2025\/08\/01-Paysage-dEcosse-768x509.jpg 768w, https:\/\/ia-dev.hes-so.ch\/ona\/wp-content\/uploads\/2025\/08\/01-Paysage-dEcosse-1536x1017.jpg 1536w, https:\/\/ia-dev.hes-so.ch\/ona\/wp-content\/uploads\/2025\/08\/01-Paysage-dEcosse-2048x1356.jpg 2048w\" sizes=\"auto, (max-width: 1024px) 100vw, 1024px\" \/><\/figure>\n\n\n\n<p>Arriv\u00e9e en \u00c9cosse : une transition en douceur, sans rupture de paysage ni de m\u00e9t\u00e9o. Le vert intense des collines prolonge l\u2019atmosph\u00e8re irlandaise.<\/p>\n\n\n\n<p><strong>2<sup>\u00e8me<\/sup> jour<\/strong><\/p>\n\n\n\n<figure class=\"wp-block-image size-large\"><img loading=\"lazy\" decoding=\"async\" width=\"954\" height=\"1024\" src=\"https:\/\/ia-dev.hes-so.ch\/ona\/wp-content\/uploads\/2025\/08\/02-Tuya-sur-lile-de-Bute-954x1024.jpg\" alt=\"\" class=\"wp-image-1802\" srcset=\"https:\/\/ia-dev.hes-so.ch\/ona\/wp-content\/uploads\/2025\/08\/02-Tuya-sur-lile-de-Bute-954x1024.jpg 954w, https:\/\/ia-dev.hes-so.ch\/ona\/wp-content\/uploads\/2025\/08\/02-Tuya-sur-lile-de-Bute-279x300.jpg 279w, https:\/\/ia-dev.hes-so.ch\/ona\/wp-content\/uploads\/2025\/08\/02-Tuya-sur-lile-de-Bute-768x824.jpg 768w, https:\/\/ia-dev.hes-so.ch\/ona\/wp-content\/uploads\/2025\/08\/02-Tuya-sur-lile-de-Bute-1431x1536.jpg 1431w, https:\/\/ia-dev.hes-so.ch\/ona\/wp-content\/uploads\/2025\/08\/02-Tuya-sur-lile-de-Bute-1908x2048.jpg 1908w\" sizes=\"auto, (max-width: 954px) 100vw, 954px\" \/><\/figure>\n\n\n\n<p>Sur l\u2019\u00eele de Bute, au domaine de Mount Stuart, le tuya r\u00e9v\u00e8le sa majest\u00e9 : loin des haies ordinaires, il d\u00e9ploie ici son tronc imposant et ses branches tortueuses en un arbre remarquable.<\/p>\n\n\n\n<p><strong>3<sup>\u00e8me<\/sup> jour<\/strong><\/p>\n\n\n\n<figure class=\"wp-block-image size-large\"><img loading=\"lazy\" decoding=\"async\" width=\"1024\" height=\"960\" src=\"https:\/\/ia-dev.hes-so.ch\/ona\/wp-content\/uploads\/2025\/08\/03-Poirier-au-Jardin-du-Mount-Stuart-1024x960.jpg\" alt=\"\" class=\"wp-image-1803\" srcset=\"https:\/\/ia-dev.hes-so.ch\/ona\/wp-content\/uploads\/2025\/08\/03-Poirier-au-Jardin-du-Mount-Stuart-1024x960.jpg 1024w, https:\/\/ia-dev.hes-so.ch\/ona\/wp-content\/uploads\/2025\/08\/03-Poirier-au-Jardin-du-Mount-Stuart-300x281.jpg 300w, https:\/\/ia-dev.hes-so.ch\/ona\/wp-content\/uploads\/2025\/08\/03-Poirier-au-Jardin-du-Mount-Stuart-768x720.jpg 768w, https:\/\/ia-dev.hes-so.ch\/ona\/wp-content\/uploads\/2025\/08\/03-Poirier-au-Jardin-du-Mount-Stuart-1536x1440.jpg 1536w, https:\/\/ia-dev.hes-so.ch\/ona\/wp-content\/uploads\/2025\/08\/03-Poirier-au-Jardin-du-Mount-Stuart-2048x1919.jpg 2048w\" sizes=\"auto, (max-width: 1024px) 100vw, 1024px\" \/><\/figure>\n\n\n\n<p>Dans les jardins du domaine de Mount Stuart, ce poirier paliss\u00e9 et g\u00e9n\u00e9reux invite \u00e0 une pause gourmande et contemplative, au c\u0153ur du verger.<\/p>\n\n\n\n<p><strong>4<sup>\u00e8me<\/sup> jour<\/strong><\/p>\n\n\n\n<figure class=\"wp-block-image size-large\"><img loading=\"lazy\" decoding=\"async\" width=\"1024\" height=\"768\" src=\"https:\/\/ia-dev.hes-so.ch\/ona\/wp-content\/uploads\/2025\/08\/04-Chateau-de-Rothesay-1024x768.jpg\" alt=\"\" class=\"wp-image-1804\" srcset=\"https:\/\/ia-dev.hes-so.ch\/ona\/wp-content\/uploads\/2025\/08\/04-Chateau-de-Rothesay-1024x768.jpg 1024w, https:\/\/ia-dev.hes-so.ch\/ona\/wp-content\/uploads\/2025\/08\/04-Chateau-de-Rothesay-300x225.jpg 300w, https:\/\/ia-dev.hes-so.ch\/ona\/wp-content\/uploads\/2025\/08\/04-Chateau-de-Rothesay-768x576.jpg 768w, https:\/\/ia-dev.hes-so.ch\/ona\/wp-content\/uploads\/2025\/08\/04-Chateau-de-Rothesay-1536x1152.jpg 1536w, https:\/\/ia-dev.hes-so.ch\/ona\/wp-content\/uploads\/2025\/08\/04-Chateau-de-Rothesay-2048x1536.jpg 2048w\" sizes=\"auto, (max-width: 1024px) 100vw, 1024px\" \/><\/figure>\n\n\n\n<p>Reflet dans les douves du ch\u00e2teau de Rothesay : les vestiges d\u2019un pass\u00e9 m\u00e9di\u00e9val toujours pr\u00e9sent, au d\u00e9tour d\u2019une promenade sur l\u2019\u00eele de Bute.<\/p>\n\n\n\n<p><strong>5<sup>\u00e8me<\/sup> jour<\/strong><\/p>\n\n\n\n<figure class=\"wp-block-image size-large\"><img loading=\"lazy\" decoding=\"async\" width=\"1024\" height=\"517\" src=\"https:\/\/ia-dev.hes-so.ch\/ona\/wp-content\/uploads\/2025\/08\/05-Chateau-de-Culzean-1024x517.jpg\" alt=\"\" class=\"wp-image-1805\" srcset=\"https:\/\/ia-dev.hes-so.ch\/ona\/wp-content\/uploads\/2025\/08\/05-Chateau-de-Culzean-1024x517.jpg 1024w, https:\/\/ia-dev.hes-so.ch\/ona\/wp-content\/uploads\/2025\/08\/05-Chateau-de-Culzean-300x151.jpg 300w, https:\/\/ia-dev.hes-so.ch\/ona\/wp-content\/uploads\/2025\/08\/05-Chateau-de-Culzean-768x387.jpg 768w, https:\/\/ia-dev.hes-so.ch\/ona\/wp-content\/uploads\/2025\/08\/05-Chateau-de-Culzean-1536x775.jpg 1536w, https:\/\/ia-dev.hes-so.ch\/ona\/wp-content\/uploads\/2025\/08\/05-Chateau-de-Culzean-2048x1033.jpg 2048w\" sizes=\"auto, (max-width: 1024px) 100vw, 1024px\" \/><\/figure>\n\n\n\n<p>\u00c9difi\u00e9 sur la c\u00f4te sud-ouest de l\u2019\u00c9cosse, le ch\u00e2teau de Culzean impressionne par son architecture n\u00e9oclassique, ses jardins en terrasses et sa vue imprenable sur la mer. Une \u00e9tape marquante parmi tant d\u2019autres ch\u00e2teaux.<\/p>\n\n\n\n<p><strong>6<sup>\u00e8me<\/sup> jour<\/strong><\/p>\n\n\n\n<figure class=\"wp-block-image size-large\"><img loading=\"lazy\" decoding=\"async\" width=\"1024\" height=\"569\" src=\"https:\/\/ia-dev.hes-so.ch\/ona\/wp-content\/uploads\/2025\/08\/06-Chateau-de-Stirling-1024x569.jpg\" alt=\"\" class=\"wp-image-1806\" srcset=\"https:\/\/ia-dev.hes-so.ch\/ona\/wp-content\/uploads\/2025\/08\/06-Chateau-de-Stirling-1024x569.jpg 1024w, https:\/\/ia-dev.hes-so.ch\/ona\/wp-content\/uploads\/2025\/08\/06-Chateau-de-Stirling-300x167.jpg 300w, https:\/\/ia-dev.hes-so.ch\/ona\/wp-content\/uploads\/2025\/08\/06-Chateau-de-Stirling-768x427.jpg 768w, https:\/\/ia-dev.hes-so.ch\/ona\/wp-content\/uploads\/2025\/08\/06-Chateau-de-Stirling-1536x853.jpg 1536w, https:\/\/ia-dev.hes-so.ch\/ona\/wp-content\/uploads\/2025\/08\/06-Chateau-de-Stirling-2048x1138.jpg 2048w\" sizes=\"auto, (max-width: 1024px) 100vw, 1024px\" \/><\/figure>\n\n\n\n<p>Le ch\u00e2teau de Stirling, perch\u00e9 sur son promontoire rocheux, domine la vall\u00e9e et l\u2019histoire \u00e9cossaise. Il fut le lieu d\u2019enfance de Mary Stuart, reine d\u2019\u00c9cosse, qui y fut couronn\u00e9e en 1543. Un site incontournable, charg\u00e9 de m\u00e9moire et de symboles.<\/p>\n\n\n\n<p><strong>7<sup>\u00e8me<\/sup> jour<\/strong><\/p>\n\n\n\n<figure class=\"wp-block-image size-large\"><img loading=\"lazy\" decoding=\"async\" width=\"924\" height=\"1024\" src=\"https:\/\/ia-dev.hes-so.ch\/ona\/wp-content\/uploads\/2025\/08\/07-Street-art-a-Glasgow-924x1024.jpg\" alt=\"\" class=\"wp-image-1807\" srcset=\"https:\/\/ia-dev.hes-so.ch\/ona\/wp-content\/uploads\/2025\/08\/07-Street-art-a-Glasgow-924x1024.jpg 924w, https:\/\/ia-dev.hes-so.ch\/ona\/wp-content\/uploads\/2025\/08\/07-Street-art-a-Glasgow-271x300.jpg 271w, https:\/\/ia-dev.hes-so.ch\/ona\/wp-content\/uploads\/2025\/08\/07-Street-art-a-Glasgow-768x851.jpg 768w, https:\/\/ia-dev.hes-so.ch\/ona\/wp-content\/uploads\/2025\/08\/07-Street-art-a-Glasgow-1387x1536.jpg 1387w, https:\/\/ia-dev.hes-so.ch\/ona\/wp-content\/uploads\/2025\/08\/07-Street-art-a-Glasgow-1849x2048.jpg 1849w\" sizes=\"auto, (max-width: 924px) 100vw, 924px\" \/><\/figure>\n\n\n\n<p>Au c\u0153ur de Glasgow, ce street art saisissant prolonge la qui\u00e9tude du jardin et invite \u00e0 repenser notre lien avec la nature, entre sa fragilit\u00e9 et sa beaut\u00e9.<\/p>\n\n\n\n<p>Lien vers la r\u00e9gion suivante : <a href=\"https:\/\/ia-dev.hes-so.ch\/ona\/photos\/region-de-inverness\/\" data-type=\"page\" data-id=\"1778\">R\u00e9gion de Inverness<\/a><\/p>\n","protected":false},"excerpt":{"rendered":"<p>1er jour Arriv\u00e9e en \u00c9cosse : une transition en douceur, sans rupture de paysage ni de m\u00e9t\u00e9o. Le vert intense [&hellip;]<\/p>\n","protected":false},"author":1,"featured_media":0,"parent":173,"menu_order":24,"comment_status":"closed","ping_status":"closed","template":"","meta":{"footnotes":""},"class_list":["post-1773","page","type-page","status-publish","hentry"],"_links":{"self":[{"href":"https:\/\/ia-dev.hes-so.ch\/ona\/wp-json\/wp\/v2\/pages\/1773","targetHints":{"allow":["GET"]}}],"collection":[{"href":"https:\/\/ia-dev.hes-so.ch\/ona\/wp-json\/wp\/v2\/pages"}],"about":[{"href":"https:\/\/ia-dev.hes-so.ch\/ona\/wp-json\/wp\/v2\/types\/page"}],"author":[{"embeddable":true,"href":"https:\/\/ia-dev.hes-so.ch\/ona\/wp-json\/wp\/v2\/users\/1"}],"replies":[{"embeddable":true,"href":"https:\/\/ia-dev.hes-so.ch\/ona\/wp-json\/wp\/v2\/comments?post=1773"}],"version-history":[{"count":6,"href":"https:\/\/ia-dev.hes-so.ch\/ona\/wp-json\/wp\/v2\/pages\/1773\/revisions"}],"predecessor-version":[{"id":1834,"href":"https:\/\/ia-dev.hes-so.ch\/ona\/wp-json\/wp\/v2\/pages\/1773\/revisions\/1834"}],"up":[{"embeddable":true,"href":"https:\/\/ia-dev.hes-so.ch\/ona\/wp-json\/wp\/v2\/pages\/173"}],"wp:attachment":[{"href":"https:\/\/ia-dev.hes-so.ch\/ona\/wp-json\/wp\/v2\/media?parent=1773"}],"curies":[{"name":"wp","href":"https:\/\/api.w.org\/{rel}","templated":true}]}}

Région de Glasgow

<p><strong>1<sup>er</sup> jour</strong></p>



<figure class="wp-block-image size-large"><img loading="lazy" decoding="async" width="1024" height="678" src="https://ia-dev.hes-so.ch/ona/wp-content/uploads/2025/08/01-Paysage-dEcosse-1024x678.jpg" alt="" class="wp-image-1801" srcset="https://ia-dev.hes-so.ch/ona/wp-content/uploads/2025/08/01-Paysage-dEcosse-1024x678.jpg 1024w, https://ia-dev.hes-so.ch/ona/wp-content/uploads/2025/08/01-Paysage-dEcosse-300x199.jpg 300w, https://ia-dev.hes-so.ch/ona/wp-content/uploads/2025/08/01-Paysage-dEcosse-768x509.jpg 768w, https://ia-dev.hes-so.ch/ona/wp-content/uploads/2025/08/01-Paysage-dEcosse-1536x1017.jpg 1536w, https://ia-dev.hes-so.ch/ona/wp-content/uploads/2025/08/01-Paysage-dEcosse-2048x1356.jpg 2048w" sizes="auto, (max-width: 1024px) 100vw, 1024px" /></figure>



<p>Arrivée en Écosse : une transition en douceur, sans rupture de paysage ni de météo. Le vert intense des collines prolonge l’atmosphère irlandaise.</p>



<p><strong>2<sup>ème</sup> jour</strong></p>



<figure class="wp-block-image size-large"><img loading="lazy" decoding="async" width="954" height="1024" src="https://ia-dev.hes-so.ch/ona/wp-content/uploads/2025/08/02-Tuya-sur-lile-de-Bute-954x1024.jpg" alt="" class="wp-image-1802" srcset="https://ia-dev.hes-so.ch/ona/wp-content/uploads/2025/08/02-Tuya-sur-lile-de-Bute-954x1024.jpg 954w, https://ia-dev.hes-so.ch/ona/wp-content/uploads/2025/08/02-Tuya-sur-lile-de-Bute-279x300.jpg 279w, https://ia-dev.hes-so.ch/ona/wp-content/uploads/2025/08/02-Tuya-sur-lile-de-Bute-768x824.jpg 768w, https://ia-dev.hes-so.ch/ona/wp-content/uploads/2025/08/02-Tuya-sur-lile-de-Bute-1431x1536.jpg 1431w, https://ia-dev.hes-so.ch/ona/wp-content/uploads/2025/08/02-Tuya-sur-lile-de-Bute-1908x2048.jpg 1908w" sizes="auto, (max-width: 954px) 100vw, 954px" /></figure>



<p>Sur l’île de Bute, au domaine de Mount Stuart, le tuya révèle sa majesté : loin des haies ordinaires, il déploie ici son tronc imposant et ses branches tortueuses en un arbre remarquable.</p>



<p><strong>3<sup>ème</sup> jour</strong></p>



<figure class="wp-block-image size-large"><img loading="lazy" decoding="async" width="1024" height="960" src="https://ia-dev.hes-so.ch/ona/wp-content/uploads/2025/08/03-Poirier-au-Jardin-du-Mount-Stuart-1024x960.jpg" alt="" class="wp-image-1803" srcset="https://ia-dev.hes-so.ch/ona/wp-content/uploads/2025/08/03-Poirier-au-Jardin-du-Mount-Stuart-1024x960.jpg 1024w, https://ia-dev.hes-so.ch/ona/wp-content/uploads/2025/08/03-Poirier-au-Jardin-du-Mount-Stuart-300x281.jpg 300w, https://ia-dev.hes-so.ch/ona/wp-content/uploads/2025/08/03-Poirier-au-Jardin-du-Mount-Stuart-768x720.jpg 768w, https://ia-dev.hes-so.ch/ona/wp-content/uploads/2025/08/03-Poirier-au-Jardin-du-Mount-Stuart-1536x1440.jpg 1536w, https://ia-dev.hes-so.ch/ona/wp-content/uploads/2025/08/03-Poirier-au-Jardin-du-Mount-Stuart-2048x1919.jpg 2048w" sizes="auto, (max-width: 1024px) 100vw, 1024px" /></figure>



<p>Dans les jardins du domaine de Mount Stuart, ce poirier palissé et généreux invite à une pause gourmande et contemplative, au cœur du verger.</p>



<p><strong>4<sup>ème</sup> jour</strong></p>



<figure class="wp-block-image size-large"><img loading="lazy" decoding="async" width="1024" height="768" src="https://ia-dev.hes-so.ch/ona/wp-content/uploads/2025/08/04-Chateau-de-Rothesay-1024x768.jpg" alt="" class="wp-image-1804" srcset="https://ia-dev.hes-so.ch/ona/wp-content/uploads/2025/08/04-Chateau-de-Rothesay-1024x768.jpg 1024w, https://ia-dev.hes-so.ch/ona/wp-content/uploads/2025/08/04-Chateau-de-Rothesay-300x225.jpg 300w, https://ia-dev.hes-so.ch/ona/wp-content/uploads/2025/08/04-Chateau-de-Rothesay-768x576.jpg 768w, https://ia-dev.hes-so.ch/ona/wp-content/uploads/2025/08/04-Chateau-de-Rothesay-1536x1152.jpg 1536w, https://ia-dev.hes-so.ch/ona/wp-content/uploads/2025/08/04-Chateau-de-Rothesay-2048x1536.jpg 2048w" sizes="auto, (max-width: 1024px) 100vw, 1024px" /></figure>



<p>Reflet dans les douves du château de Rothesay : les vestiges d’un passé médiéval toujours présent, au détour d’une promenade sur l’île de Bute.</p>



<p><strong>5<sup>ème</sup> jour</strong></p>



<figure class="wp-block-image size-large"><img loading="lazy" decoding="async" width="1024" height="517" src="https://ia-dev.hes-so.ch/ona/wp-content/uploads/2025/08/05-Chateau-de-Culzean-1024x517.jpg" alt="" class="wp-image-1805" srcset="https://ia-dev.hes-so.ch/ona/wp-content/uploads/2025/08/05-Chateau-de-Culzean-1024x517.jpg 1024w, https://ia-dev.hes-so.ch/ona/wp-content/uploads/2025/08/05-Chateau-de-Culzean-300x151.jpg 300w, https://ia-dev.hes-so.ch/ona/wp-content/uploads/2025/08/05-Chateau-de-Culzean-768x387.jpg 768w, https://ia-dev.hes-so.ch/ona/wp-content/uploads/2025/08/05-Chateau-de-Culzean-1536x775.jpg 1536w, https://ia-dev.hes-so.ch/ona/wp-content/uploads/2025/08/05-Chateau-de-Culzean-2048x1033.jpg 2048w" sizes="auto, (max-width: 1024px) 100vw, 1024px" /></figure>



<p>Édifié sur la côte sud-ouest de l’Écosse, le château de Culzean impressionne par son architecture néoclassique, ses jardins en terrasses et sa vue imprenable sur la mer. Une étape marquante parmi tant d’autres châteaux.</p>



<p><strong>6<sup>ème</sup> jour</strong></p>



<figure class="wp-block-image size-large"><img loading="lazy" decoding="async" width="1024" height="569" src="https://ia-dev.hes-so.ch/ona/wp-content/uploads/2025/08/06-Chateau-de-Stirling-1024x569.jpg" alt="" class="wp-image-1806" srcset="https://ia-dev.hes-so.ch/ona/wp-content/uploads/2025/08/06-Chateau-de-Stirling-1024x569.jpg 1024w, https://ia-dev.hes-so.ch/ona/wp-content/uploads/2025/08/06-Chateau-de-Stirling-300x167.jpg 300w, https://ia-dev.hes-so.ch/ona/wp-content/uploads/2025/08/06-Chateau-de-Stirling-768x427.jpg 768w, https://ia-dev.hes-so.ch/ona/wp-content/uploads/2025/08/06-Chateau-de-Stirling-1536x853.jpg 1536w, https://ia-dev.hes-so.ch/ona/wp-content/uploads/2025/08/06-Chateau-de-Stirling-2048x1138.jpg 2048w" sizes="auto, (max-width: 1024px) 100vw, 1024px" /></figure>



<p>Le château de Stirling, perché sur son promontoire rocheux, domine la vallée et l’histoire écossaise. Il fut le lieu d’enfance de Mary Stuart, reine d’Écosse, qui y fut couronnée en 1543. Un site incontournable, chargé de mémoire et de symboles.</p>



<p><strong>7<sup>ème</sup> jour</strong></p>



<figure class="wp-block-image size-large"><img loading="lazy" decoding="async" width="924" height="1024" src="https://ia-dev.hes-so.ch/ona/wp-content/uploads/2025/08/07-Street-art-a-Glasgow-924x1024.jpg" alt="" class="wp-image-1807" srcset="https://ia-dev.hes-so.ch/ona/wp-content/uploads/2025/08/07-Street-art-a-Glasgow-924x1024.jpg 924w, https://ia-dev.hes-so.ch/ona/wp-content/uploads/2025/08/07-Street-art-a-Glasgow-271x300.jpg 271w, https://ia-dev.hes-so.ch/ona/wp-content/uploads/2025/08/07-Street-art-a-Glasgow-768x851.jpg 768w, https://ia-dev.hes-so.ch/ona/wp-content/uploads/2025/08/07-Street-art-a-Glasgow-1387x1536.jpg 1387w, https://ia-dev.hes-so.ch/ona/wp-content/uploads/2025/08/07-Street-art-a-Glasgow-1849x2048.jpg 1849w" sizes="auto, (max-width: 924px) 100vw, 924px" /></figure>



<p>Au cœur de Glasgow, ce street art saisissant prolonge la quiétude du jardin et invite à repenser notre lien avec la nature, entre sa fragilité et sa beauté.</p>



<p>Lien vers la région suivante : <a href="https://ia-dev.hes-so.ch/ona/photos/region-de-inverness/" data-type="page" data-id="1778">Région de Inverness</a></p>

<p>1er jour Arrivée en Écosse : une transition en douceur, sans rupture de paysage ni de météo. Le vert intense [&hellip;]</p>
