{"id":1778,"date":"2025-08-17T16:36:25","date_gmt":"2025-08-17T14:36:25","guid":{"rendered":"https:\/\/ia-dev.hes-so.ch\/ona\/?page_id=1778"},"modified":"2025-08-18T09:40:12","modified_gmt":"2025-08-18T07:40:12","slug":"region-de-inverness","status":"publish","type":"page","link":"https:\/\/ia-dev.hes-so.ch\/ona\/photos\/region-de-inverness\/","title":{"rendered":"R\u00e9gion de Inverness"},"content":{"rendered":"\n<p><strong>1<sup>er<\/sup> jour<\/strong><\/p>\n\n\n\n<figure class=\"wp-block-image size-large\"><img loading=\"lazy\" decoding=\"async\" width=\"1024\" height=\"428\" src=\"https:\/\/ia-dev.hes-so.ch\/ona\/wp-content\/uploads\/2025\/08\/01-Paysage-dEcosse-Highland-1024x428.jpg\" alt=\"\" class=\"wp-image-1818\" srcset=\"https:\/\/ia-dev.hes-so.ch\/ona\/wp-content\/uploads\/2025\/08\/01-Paysage-dEcosse-Highland-1024x428.jpg 1024w, https:\/\/ia-dev.hes-so.ch\/ona\/wp-content\/uploads\/2025\/08\/01-Paysage-dEcosse-Highland-300x125.jpg 300w, https:\/\/ia-dev.hes-so.ch\/ona\/wp-content\/uploads\/2025\/08\/01-Paysage-dEcosse-Highland-768x321.jpg 768w, https:\/\/ia-dev.hes-so.ch\/ona\/wp-content\/uploads\/2025\/08\/01-Paysage-dEcosse-Highland-1536x642.jpg 1536w, https:\/\/ia-dev.hes-so.ch\/ona\/wp-content\/uploads\/2025\/08\/01-Paysage-dEcosse-Highland-2048x856.jpg 2048w\" sizes=\"auto, (max-width: 1024px) 100vw, 1024px\" \/><\/figure>\n\n\n\n<p>Premiers pas dans les Highlands \u00e9cossais : entre collines ondoyantes, lac paisible et ciel charg\u00e9 de promesses m\u00e9t\u00e9orologiques\u2026 on devine d\u00e9j\u00e0 que les \u00e9claircies seront aussi fugaces que pr\u00e9cieuses.<br><\/p>\n\n\n\n<p><strong>2<sup>\u00e8me<\/sup> jour<\/strong><\/p>\n\n\n\n<figure class=\"wp-block-image size-large\"><img loading=\"lazy\" decoding=\"async\" width=\"1024\" height=\"768\" src=\"https:\/\/ia-dev.hes-so.ch\/ona\/wp-content\/uploads\/2025\/08\/02-Paysage-dEcosse-Highland-1024x768.jpg\" alt=\"\" class=\"wp-image-1819\" srcset=\"https:\/\/ia-dev.hes-so.ch\/ona\/wp-content\/uploads\/2025\/08\/02-Paysage-dEcosse-Highland-1024x768.jpg 1024w, https:\/\/ia-dev.hes-so.ch\/ona\/wp-content\/uploads\/2025\/08\/02-Paysage-dEcosse-Highland-300x225.jpg 300w, https:\/\/ia-dev.hes-so.ch\/ona\/wp-content\/uploads\/2025\/08\/02-Paysage-dEcosse-Highland-768x576.jpg 768w, https:\/\/ia-dev.hes-so.ch\/ona\/wp-content\/uploads\/2025\/08\/02-Paysage-dEcosse-Highland-1536x1152.jpg 1536w, https:\/\/ia-dev.hes-so.ch\/ona\/wp-content\/uploads\/2025\/08\/02-Paysage-dEcosse-Highland-2048x1536.jpg 2048w\" sizes=\"auto, (max-width: 1024px) 100vw, 1024px\" \/><\/figure>\n\n\n\n<p>Entre la v\u00e9g\u00e9tation luxuriante, le regard devine un loch discret, blotti au pied des collines. Le ciel h\u00e9site, comme souvent ici, entre \u00e9claircie timide et nuage tenace.<\/p>\n\n\n\n<p><strong>3<sup>\u00e8me<\/sup> jour<\/strong><\/p>\n\n\n\n<figure class=\"wp-block-image size-large\"><img loading=\"lazy\" decoding=\"async\" width=\"1024\" height=\"647\" src=\"https:\/\/ia-dev.hes-so.ch\/ona\/wp-content\/uploads\/2025\/08\/03-Loch-Ness-1024x647.jpg\" alt=\"\" class=\"wp-image-1820\" srcset=\"https:\/\/ia-dev.hes-so.ch\/ona\/wp-content\/uploads\/2025\/08\/03-Loch-Ness-1024x647.jpg 1024w, https:\/\/ia-dev.hes-so.ch\/ona\/wp-content\/uploads\/2025\/08\/03-Loch-Ness-300x189.jpg 300w, https:\/\/ia-dev.hes-so.ch\/ona\/wp-content\/uploads\/2025\/08\/03-Loch-Ness-768x485.jpg 768w, https:\/\/ia-dev.hes-so.ch\/ona\/wp-content\/uploads\/2025\/08\/03-Loch-Ness-1536x970.jpg 1536w, https:\/\/ia-dev.hes-so.ch\/ona\/wp-content\/uploads\/2025\/08\/03-Loch-Ness-2048x1293.jpg 2048w\" sizes=\"auto, (max-width: 1024px) 100vw, 1024px\" \/><\/figure>\n\n\n\n<p>Le Loch Ness d\u00e9ploie ses eaux sombres sous un ciel \u00e9cossais \u00e9tonnamment lumineux : aucune trace du monstre, mais le myst\u00e8re reste entier, avec ou sans l\u00e9gende.<\/p>\n\n\n\n<p><strong>4<sup>\u00e8me<\/sup> jour<\/strong><\/p>\n\n\n\n<figure class=\"wp-block-image size-large\"><img loading=\"lazy\" decoding=\"async\" width=\"1024\" height=\"768\" src=\"https:\/\/ia-dev.hes-so.ch\/ona\/wp-content\/uploads\/2025\/08\/04-Paysage-ecossais-1024x768.jpg\" alt=\"\" class=\"wp-image-1821\" srcset=\"https:\/\/ia-dev.hes-so.ch\/ona\/wp-content\/uploads\/2025\/08\/04-Paysage-ecossais-1024x768.jpg 1024w, https:\/\/ia-dev.hes-so.ch\/ona\/wp-content\/uploads\/2025\/08\/04-Paysage-ecossais-300x225.jpg 300w, https:\/\/ia-dev.hes-so.ch\/ona\/wp-content\/uploads\/2025\/08\/04-Paysage-ecossais-768x576.jpg 768w, https:\/\/ia-dev.hes-so.ch\/ona\/wp-content\/uploads\/2025\/08\/04-Paysage-ecossais-1536x1152.jpg 1536w, https:\/\/ia-dev.hes-so.ch\/ona\/wp-content\/uploads\/2025\/08\/04-Paysage-ecossais-2048x1536.jpg 2048w\" sizes=\"auto, (max-width: 1024px) 100vw, 1024px\" \/><\/figure>\n\n\n\n<p>Prairie verdoyante, vaches paisibles, bottes de foin\u2026 une sc\u00e8ne presque suisse \u2014 si ce n\u2019\u00e9tait cette vieille b\u00e2tisse de pierre et ce muret typiquement \u00e9cossais qui rappellent que nous sommes bien dans les Highlands.<\/p>\n\n\n\n<p><strong>5<sup>\u00e8me<\/sup> jour<\/strong><\/p>\n\n\n\n<figure class=\"wp-block-image size-large\"><img loading=\"lazy\" decoding=\"async\" width=\"1024\" height=\"943\" src=\"https:\/\/ia-dev.hes-so.ch\/ona\/wp-content\/uploads\/2025\/08\/05-Carrbridge-Old-Pack-Horse-Bridge-1024x943.jpg\" alt=\"\" class=\"wp-image-1822\" srcset=\"https:\/\/ia-dev.hes-so.ch\/ona\/wp-content\/uploads\/2025\/08\/05-Carrbridge-Old-Pack-Horse-Bridge-1024x943.jpg 1024w, https:\/\/ia-dev.hes-so.ch\/ona\/wp-content\/uploads\/2025\/08\/05-Carrbridge-Old-Pack-Horse-Bridge-300x276.jpg 300w, https:\/\/ia-dev.hes-so.ch\/ona\/wp-content\/uploads\/2025\/08\/05-Carrbridge-Old-Pack-Horse-Bridge-768x708.jpg 768w, https:\/\/ia-dev.hes-so.ch\/ona\/wp-content\/uploads\/2025\/08\/05-Carrbridge-Old-Pack-Horse-Bridge-1536x1415.jpg 1536w, https:\/\/ia-dev.hes-so.ch\/ona\/wp-content\/uploads\/2025\/08\/05-Carrbridge-Old-Pack-Horse-Bridge-2048x1887.jpg 2048w\" sizes=\"auto, (max-width: 1024px) 100vw, 1024px\" \/><\/figure>\n\n\n\n<p>Le vieux pont de Carrbridge, t\u00e9moin du XVIIIe si\u00e8cle, enjambe la rivi\u00e8re comme suspendu dans un paysage aussi sauvage qu\u2019enchanteur pr\u00e9sentant un d\u00e9cor qui semble tout droit sorti d\u2019un roman.<\/p>\n\n\n\n<p><strong>6<sup>\u00e8me<\/sup> jour<\/strong><\/p>\n\n\n\n<figure class=\"wp-block-image size-large\"><img loading=\"lazy\" decoding=\"async\" width=\"1024\" height=\"516\" src=\"https:\/\/ia-dev.hes-so.ch\/ona\/wp-content\/uploads\/2025\/08\/06-Vue-depuis-le-Chateau-de-Dunnottar-1024x516.jpg\" alt=\"\" class=\"wp-image-1823\" srcset=\"https:\/\/ia-dev.hes-so.ch\/ona\/wp-content\/uploads\/2025\/08\/06-Vue-depuis-le-Chateau-de-Dunnottar-1024x516.jpg 1024w, https:\/\/ia-dev.hes-so.ch\/ona\/wp-content\/uploads\/2025\/08\/06-Vue-depuis-le-Chateau-de-Dunnottar-300x151.jpg 300w, https:\/\/ia-dev.hes-so.ch\/ona\/wp-content\/uploads\/2025\/08\/06-Vue-depuis-le-Chateau-de-Dunnottar-768x387.jpg 768w, https:\/\/ia-dev.hes-so.ch\/ona\/wp-content\/uploads\/2025\/08\/06-Vue-depuis-le-Chateau-de-Dunnottar-1536x774.jpg 1536w, https:\/\/ia-dev.hes-so.ch\/ona\/wp-content\/uploads\/2025\/08\/06-Vue-depuis-le-Chateau-de-Dunnottar-2048x1032.jpg 2048w\" sizes=\"auto, (max-width: 1024px) 100vw, 1024px\" \/><\/figure>\n\n\n\n<p>Vue depuis le ch\u00e2teau de Dunnottar, o\u00f9 les nuages semblent prolonger le trac\u00e9 accident\u00e9 des falaises, dans une harmonie naturelle entre ciel, mer et terre.<\/p>\n\n\n\n<p><strong>7<sup>\u00e8me<\/sup> jour<\/strong><\/p>\n\n\n\n<figure class=\"wp-block-image size-large\"><img loading=\"lazy\" decoding=\"async\" width=\"1024\" height=\"466\" src=\"https:\/\/ia-dev.hes-so.ch\/ona\/wp-content\/uploads\/2025\/08\/07-Dundee-bar-1024x466.jpg\" alt=\"\" class=\"wp-image-1824\" srcset=\"https:\/\/ia-dev.hes-so.ch\/ona\/wp-content\/uploads\/2025\/08\/07-Dundee-bar-1024x466.jpg 1024w, https:\/\/ia-dev.hes-so.ch\/ona\/wp-content\/uploads\/2025\/08\/07-Dundee-bar-300x137.jpg 300w, https:\/\/ia-dev.hes-so.ch\/ona\/wp-content\/uploads\/2025\/08\/07-Dundee-bar-768x350.jpg 768w, https:\/\/ia-dev.hes-so.ch\/ona\/wp-content\/uploads\/2025\/08\/07-Dundee-bar-1536x699.jpg 1536w, https:\/\/ia-dev.hes-so.ch\/ona\/wp-content\/uploads\/2025\/08\/07-Dundee-bar-2048x932.jpg 2048w\" sizes=\"auto, (max-width: 1024px) 100vw, 1024px\" \/><\/figure>\n\n\n\n<p>Devanture d\u2019un pub traditionnel \u00e0 Dundee, dont l\u2019humour britannique s\u2019exprime sur l\u2019enseigne\u202f: les \u00e9pouses peuvent faire leurs courses pendant que leurs maris sont pris en charge gratuitement dans ce \u00ab\u202fcentre de jour\u202f\u00bb.<\/p>\n\n\n\n<p>Lien vers la ville suivante : <a href=\"https:\/\/ia-dev.hes-so.ch\/ona\/photos\/edimbourg\/\" data-type=\"page\" data-id=\"1783\">\u00c9dimbourg<\/a><\/p>\n","protected":false},"excerpt":{"rendered":"<p>1er jour Premiers pas dans les Highlands \u00e9cossais : entre collines ondoyantes, lac paisible et ciel charg\u00e9 de promesses m\u00e9t\u00e9orologiques\u2026 [&hellip;]<\/p>\n","protected":false},"author":1,"featured_media":0,"parent":173,"menu_order":25,"comment_status":"closed","ping_status":"closed","template":"","meta":{"footnotes":""},"class_list":["post-1778","page","type-page","status-publish","hentry"],"_links":{"self":[{"href":"https:\/\/ia-dev.hes-so.ch\/ona\/wp-json\/wp\/v2\/pages\/1778","targetHints":{"allow":["GET"]}}],"collection":[{"href":"https:\/\/ia-dev.hes-so.ch\/ona\/wp-json\/wp\/v2\/pages"}],"about":[{"href":"https:\/\/ia-dev.hes-so.ch\/ona\/wp-json\/wp\/v2\/types\/page"}],"author":[{"embeddable":true,"href":"https:\/\/ia-dev.hes-so.ch\/ona\/wp-json\/wp\/v2\/users\/1"}],"replies":[{"embeddable":true,"href":"https:\/\/ia-dev.hes-so.ch\/ona\/wp-json\/wp\/v2\/comments?post=1778"}],"version-history":[{"count":7,"href":"https:\/\/ia-dev.hes-so.ch\/ona\/wp-json\/wp\/v2\/pages\/1778\/revisions"}],"predecessor-version":[{"id":1836,"href":"https:\/\/ia-dev.hes-so.ch\/ona\/wp-json\/wp\/v2\/pages\/1778\/revisions\/1836"}],"up":[{"embeddable":true,"href":"https:\/\/ia-dev.hes-so.ch\/ona\/wp-json\/wp\/v2\/pages\/173"}],"wp:attachment":[{"href":"https:\/\/ia-dev.hes-so.ch\/ona\/wp-json\/wp\/v2\/media?parent=1778"}],"curies":[{"name":"wp","href":"https:\/\/api.w.org\/{rel}","templated":true}]}}

Région de Inverness

<p><strong>1<sup>er</sup> jour</strong></p>



<figure class="wp-block-image size-large"><img loading="lazy" decoding="async" width="1024" height="428" src="https://ia-dev.hes-so.ch/ona/wp-content/uploads/2025/08/01-Paysage-dEcosse-Highland-1024x428.jpg" alt="" class="wp-image-1818" srcset="https://ia-dev.hes-so.ch/ona/wp-content/uploads/2025/08/01-Paysage-dEcosse-Highland-1024x428.jpg 1024w, https://ia-dev.hes-so.ch/ona/wp-content/uploads/2025/08/01-Paysage-dEcosse-Highland-300x125.jpg 300w, https://ia-dev.hes-so.ch/ona/wp-content/uploads/2025/08/01-Paysage-dEcosse-Highland-768x321.jpg 768w, https://ia-dev.hes-so.ch/ona/wp-content/uploads/2025/08/01-Paysage-dEcosse-Highland-1536x642.jpg 1536w, https://ia-dev.hes-so.ch/ona/wp-content/uploads/2025/08/01-Paysage-dEcosse-Highland-2048x856.jpg 2048w" sizes="auto, (max-width: 1024px) 100vw, 1024px" /></figure>



<p>Premiers pas dans les Highlands écossais : entre collines ondoyantes, lac paisible et ciel chargé de promesses météorologiques… on devine déjà que les éclaircies seront aussi fugaces que précieuses.<br></p>



<p><strong>2<sup>ème</sup> jour</strong></p>



<figure class="wp-block-image size-large"><img loading="lazy" decoding="async" width="1024" height="768" src="https://ia-dev.hes-so.ch/ona/wp-content/uploads/2025/08/02-Paysage-dEcosse-Highland-1024x768.jpg" alt="" class="wp-image-1819" srcset="https://ia-dev.hes-so.ch/ona/wp-content/uploads/2025/08/02-Paysage-dEcosse-Highland-1024x768.jpg 1024w, https://ia-dev.hes-so.ch/ona/wp-content/uploads/2025/08/02-Paysage-dEcosse-Highland-300x225.jpg 300w, https://ia-dev.hes-so.ch/ona/wp-content/uploads/2025/08/02-Paysage-dEcosse-Highland-768x576.jpg 768w, https://ia-dev.hes-so.ch/ona/wp-content/uploads/2025/08/02-Paysage-dEcosse-Highland-1536x1152.jpg 1536w, https://ia-dev.hes-so.ch/ona/wp-content/uploads/2025/08/02-Paysage-dEcosse-Highland-2048x1536.jpg 2048w" sizes="auto, (max-width: 1024px) 100vw, 1024px" /></figure>



<p>Entre la végétation luxuriante, le regard devine un loch discret, blotti au pied des collines. Le ciel hésite, comme souvent ici, entre éclaircie timide et nuage tenace.</p>



<p><strong>3<sup>ème</sup> jour</strong></p>



<figure class="wp-block-image size-large"><img loading="lazy" decoding="async" width="1024" height="647" src="https://ia-dev.hes-so.ch/ona/wp-content/uploads/2025/08/03-Loch-Ness-1024x647.jpg" alt="" class="wp-image-1820" srcset="https://ia-dev.hes-so.ch/ona/wp-content/uploads/2025/08/03-Loch-Ness-1024x647.jpg 1024w, https://ia-dev.hes-so.ch/ona/wp-content/uploads/2025/08/03-Loch-Ness-300x189.jpg 300w, https://ia-dev.hes-so.ch/ona/wp-content/uploads/2025/08/03-Loch-Ness-768x485.jpg 768w, https://ia-dev.hes-so.ch/ona/wp-content/uploads/2025/08/03-Loch-Ness-1536x970.jpg 1536w, https://ia-dev.hes-so.ch/ona/wp-content/uploads/2025/08/03-Loch-Ness-2048x1293.jpg 2048w" sizes="auto, (max-width: 1024px) 100vw, 1024px" /></figure>



<p>Le Loch Ness déploie ses eaux sombres sous un ciel écossais étonnamment lumineux : aucune trace du monstre, mais le mystère reste entier, avec ou sans légende.</p>



<p><strong>4<sup>ème</sup> jour</strong></p>



<figure class="wp-block-image size-large"><img loading="lazy" decoding="async" width="1024" height="768" src="https://ia-dev.hes-so.ch/ona/wp-content/uploads/2025/08/04-Paysage-ecossais-1024x768.jpg" alt="" class="wp-image-1821" srcset="https://ia-dev.hes-so.ch/ona/wp-content/uploads/2025/08/04-Paysage-ecossais-1024x768.jpg 1024w, https://ia-dev.hes-so.ch/ona/wp-content/uploads/2025/08/04-Paysage-ecossais-300x225.jpg 300w, https://ia-dev.hes-so.ch/ona/wp-content/uploads/2025/08/04-Paysage-ecossais-768x576.jpg 768w, https://ia-dev.hes-so.ch/ona/wp-content/uploads/2025/08/04-Paysage-ecossais-1536x1152.jpg 1536w, https://ia-dev.hes-so.ch/ona/wp-content/uploads/2025/08/04-Paysage-ecossais-2048x1536.jpg 2048w" sizes="auto, (max-width: 1024px) 100vw, 1024px" /></figure>



<p>Prairie verdoyante, vaches paisibles, bottes de foin… une scène presque suisse — si ce n’était cette vieille bâtisse de pierre et ce muret typiquement écossais qui rappellent que nous sommes bien dans les Highlands.</p>



<p><strong>5<sup>ème</sup> jour</strong></p>



<figure class="wp-block-image size-large"><img loading="lazy" decoding="async" width="1024" height="943" src="https://ia-dev.hes-so.ch/ona/wp-content/uploads/2025/08/05-Carrbridge-Old-Pack-Horse-Bridge-1024x943.jpg" alt="" class="wp-image-1822" srcset="https://ia-dev.hes-so.ch/ona/wp-content/uploads/2025/08/05-Carrbridge-Old-Pack-Horse-Bridge-1024x943.jpg 1024w, https://ia-dev.hes-so.ch/ona/wp-content/uploads/2025/08/05-Carrbridge-Old-Pack-Horse-Bridge-300x276.jpg 300w, https://ia-dev.hes-so.ch/ona/wp-content/uploads/2025/08/05-Carrbridge-Old-Pack-Horse-Bridge-768x708.jpg 768w, https://ia-dev.hes-so.ch/ona/wp-content/uploads/2025/08/05-Carrbridge-Old-Pack-Horse-Bridge-1536x1415.jpg 1536w, https://ia-dev.hes-so.ch/ona/wp-content/uploads/2025/08/05-Carrbridge-Old-Pack-Horse-Bridge-2048x1887.jpg 2048w" sizes="auto, (max-width: 1024px) 100vw, 1024px" /></figure>



<p>Le vieux pont de Carrbridge, témoin du XVIIIe siècle, enjambe la rivière comme suspendu dans un paysage aussi sauvage qu’enchanteur présentant un décor qui semble tout droit sorti d’un roman.</p>



<p><strong>6<sup>ème</sup> jour</strong></p>



<figure class="wp-block-image size-large"><img loading="lazy" decoding="async" width="1024" height="516" src="https://ia-dev.hes-so.ch/ona/wp-content/uploads/2025/08/06-Vue-depuis-le-Chateau-de-Dunnottar-1024x516.jpg" alt="" class="wp-image-1823" srcset="https://ia-dev.hes-so.ch/ona/wp-content/uploads/2025/08/06-Vue-depuis-le-Chateau-de-Dunnottar-1024x516.jpg 1024w, https://ia-dev.hes-so.ch/ona/wp-content/uploads/2025/08/06-Vue-depuis-le-Chateau-de-Dunnottar-300x151.jpg 300w, https://ia-dev.hes-so.ch/ona/wp-content/uploads/2025/08/06-Vue-depuis-le-Chateau-de-Dunnottar-768x387.jpg 768w, https://ia-dev.hes-so.ch/ona/wp-content/uploads/2025/08/06-Vue-depuis-le-Chateau-de-Dunnottar-1536x774.jpg 1536w, https://ia-dev.hes-so.ch/ona/wp-content/uploads/2025/08/06-Vue-depuis-le-Chateau-de-Dunnottar-2048x1032.jpg 2048w" sizes="auto, (max-width: 1024px) 100vw, 1024px" /></figure>



<p>Vue depuis le château de Dunnottar, où les nuages semblent prolonger le tracé accidenté des falaises, dans une harmonie naturelle entre ciel, mer et terre.</p>



<p><strong>7<sup>ème</sup> jour</strong></p>



<figure class="wp-block-image size-large"><img loading="lazy" decoding="async" width="1024" height="466" src="https://ia-dev.hes-so.ch/ona/wp-content/uploads/2025/08/07-Dundee-bar-1024x466.jpg" alt="" class="wp-image-1824" srcset="https://ia-dev.hes-so.ch/ona/wp-content/uploads/2025/08/07-Dundee-bar-1024x466.jpg 1024w, https://ia-dev.hes-so.ch/ona/wp-content/uploads/2025/08/07-Dundee-bar-300x137.jpg 300w, https://ia-dev.hes-so.ch/ona/wp-content/uploads/2025/08/07-Dundee-bar-768x350.jpg 768w, https://ia-dev.hes-so.ch/ona/wp-content/uploads/2025/08/07-Dundee-bar-1536x699.jpg 1536w, https://ia-dev.hes-so.ch/ona/wp-content/uploads/2025/08/07-Dundee-bar-2048x932.jpg 2048w" sizes="auto, (max-width: 1024px) 100vw, 1024px" /></figure>



<p>Devanture d’un pub traditionnel à Dundee, dont l’humour britannique s’exprime sur l’enseigne : les épouses peuvent faire leurs courses pendant que leurs maris sont pris en charge gratuitement dans ce « centre de jour ».</p>



<p>Lien vers la ville suivante : <a href="https://ia-dev.hes-so.ch/ona/photos/edimbourg/" data-type="page" data-id="1783">Édimbourg</a></p>

<p>1er jour Premiers pas dans les Highlands écossais : entre collines ondoyantes, lac paisible et ciel chargé de promesses météorologiques… [&hellip;]</p>
