{"id":2015,"date":"2025-09-10T15:21:39","date_gmt":"2025-09-10T13:21:39","guid":{"rendered":"https:\/\/ia-dev.hes-so.ch\/ona\/?page_id=2015"},"modified":"2025-09-21T07:33:34","modified_gmt":"2025-09-21T05:33:34","slug":"bruxelles","status":"publish","type":"page","link":"https:\/\/ia-dev.hes-so.ch\/ona\/photos\/bruxelles\/","title":{"rendered":"Bruxelles"},"content":{"rendered":"\n<p><strong>1<sup>er<\/sup> jour<\/strong><\/p>\n\n\n\n<figure class=\"wp-block-image size-large\"><img loading=\"lazy\" decoding=\"async\" width=\"768\" height=\"1024\" src=\"https:\/\/ia-dev.hes-so.ch\/ona\/wp-content\/uploads\/2025\/09\/01-Bruxelles-et-le-street-art-Tintin-768x1024.jpeg\" alt=\"\" class=\"wp-image-2008\" srcset=\"https:\/\/ia-dev.hes-so.ch\/ona\/wp-content\/uploads\/2025\/09\/01-Bruxelles-et-le-street-art-Tintin-768x1024.jpeg 768w, https:\/\/ia-dev.hes-so.ch\/ona\/wp-content\/uploads\/2025\/09\/01-Bruxelles-et-le-street-art-Tintin-225x300.jpeg 225w, https:\/\/ia-dev.hes-so.ch\/ona\/wp-content\/uploads\/2025\/09\/01-Bruxelles-et-le-street-art-Tintin-1152x1536.jpeg 1152w, https:\/\/ia-dev.hes-so.ch\/ona\/wp-content\/uploads\/2025\/09\/01-Bruxelles-et-le-street-art-Tintin-1536x2048.jpeg 1536w, https:\/\/ia-dev.hes-so.ch\/ona\/wp-content\/uploads\/2025\/09\/01-Bruxelles-et-le-street-art-Tintin-scaled.jpeg 1920w\" sizes=\"auto, (max-width: 768px) 100vw, 768px\" \/><\/figure>\n\n\n\n<p>Au d\u00e9tour d\u2019une ruelle de Bruxelles, Tintin, Milou et le capitaine Haddock semblent descendre un escalier improbable qui s\u2019interrompt au premier \u00e9tage. Un clin d\u2019\u0153il malicieux \u00e0 la tradition belge de la bande dessin\u00e9e, o\u00f9 le r\u00e9el et l\u2019imaginaire se m\u00ealent sur les murs de la ville. On se demande juste si Haddock finira par l\u00e2cher un \u00ab mille milliards de mille sabords \u00bb en d\u00e9couvrant que l\u2019escalier ne m\u00e8ne nulle part\u2026<\/p>\n\n\n\n<p><strong>2<sup>\u00e8me<\/sup> jour<\/strong><\/p>\n\n\n\n<figure class=\"wp-block-image size-large\"><img loading=\"lazy\" decoding=\"async\" width=\"768\" height=\"1024\" src=\"https:\/\/ia-dev.hes-so.ch\/ona\/wp-content\/uploads\/2025\/09\/02-Bruxelles-Maison-a-velos-768x1024.jpeg\" alt=\"\" class=\"wp-image-2009\" srcset=\"https:\/\/ia-dev.hes-so.ch\/ona\/wp-content\/uploads\/2025\/09\/02-Bruxelles-Maison-a-velos-768x1024.jpeg 768w, https:\/\/ia-dev.hes-so.ch\/ona\/wp-content\/uploads\/2025\/09\/02-Bruxelles-Maison-a-velos-225x300.jpeg 225w, https:\/\/ia-dev.hes-so.ch\/ona\/wp-content\/uploads\/2025\/09\/02-Bruxelles-Maison-a-velos-1152x1536.jpeg 1152w, https:\/\/ia-dev.hes-so.ch\/ona\/wp-content\/uploads\/2025\/09\/02-Bruxelles-Maison-a-velos-1536x2048.jpeg 1536w, https:\/\/ia-dev.hes-so.ch\/ona\/wp-content\/uploads\/2025\/09\/02-Bruxelles-Maison-a-velos-scaled.jpeg 1920w\" sizes=\"auto, (max-width: 768px) 100vw, 768px\" \/><\/figure>\n\n\n\n<p>\u00c0 Bruxelles, certaines maisons semblent avoir adopt\u00e9 leur propre version de <em>Li\u00e8ge-Bastogne-Li\u00e8ge<\/em>\u2026 ou plut\u00f4t du Tour de la fa\u00e7ade. Des v\u00e9los multicolores accroch\u00e9s aux murs comme des \u0153uvres d\u2019art rappellent que la Belgique vit au rythme de la petite reine. On en vient presque \u00e0 chercher une ligne d\u2019arriv\u00e9e au coin de la rue\u2026<\/p>\n\n\n\n<p><strong>3<sup>\u00e8me<\/sup> jour<\/strong><\/p>\n\n\n\n<figure class=\"wp-block-image size-large\"><img loading=\"lazy\" decoding=\"async\" width=\"768\" height=\"1024\" src=\"https:\/\/ia-dev.hes-so.ch\/ona\/wp-content\/uploads\/2025\/09\/03-Bruxelles-Tour-Anneessens-768x1024.jpeg\" alt=\"\" class=\"wp-image-2010\" srcset=\"https:\/\/ia-dev.hes-so.ch\/ona\/wp-content\/uploads\/2025\/09\/03-Bruxelles-Tour-Anneessens-768x1024.jpeg 768w, https:\/\/ia-dev.hes-so.ch\/ona\/wp-content\/uploads\/2025\/09\/03-Bruxelles-Tour-Anneessens-225x300.jpeg 225w, https:\/\/ia-dev.hes-so.ch\/ona\/wp-content\/uploads\/2025\/09\/03-Bruxelles-Tour-Anneessens-1152x1536.jpeg 1152w, https:\/\/ia-dev.hes-so.ch\/ona\/wp-content\/uploads\/2025\/09\/03-Bruxelles-Tour-Anneessens-1536x2048.jpeg 1536w, https:\/\/ia-dev.hes-so.ch\/ona\/wp-content\/uploads\/2025\/09\/03-Bruxelles-Tour-Anneessens-scaled.jpeg 1920w\" sizes=\"auto, (max-width: 768px) 100vw, 768px\" \/><\/figure>\n\n\n\n<p>Entre pass\u00e9 et pr\u00e9sent, la tour Anneessens illustre \u00e0 merveille le dialogue entre histoire et modernit\u00e9. Les vieilles pierres rappellent les fortifications m\u00e9di\u00e9vales de Bruxelles, tandis que l\u2019architecture contemporaine qui les surplombe semble projeter la ville vers l\u2019avenir. Comme quoi, m\u00eame les murailles finissent par avoir des voisins un peu plus modernes<\/p>\n\n\n\n<p><strong>4<sup>\u00e8me<\/sup> jour<\/strong><\/p>\n\n\n\n<figure class=\"wp-block-image size-large\"><img loading=\"lazy\" decoding=\"async\" width=\"1024\" height=\"768\" src=\"https:\/\/ia-dev.hes-so.ch\/ona\/wp-content\/uploads\/2025\/09\/04-Bruxelles-Jardin-du-Mont-des-Arts-1024x768.jpeg\" alt=\"\" class=\"wp-image-2011\" srcset=\"https:\/\/ia-dev.hes-so.ch\/ona\/wp-content\/uploads\/2025\/09\/04-Bruxelles-Jardin-du-Mont-des-Arts-1024x768.jpeg 1024w, https:\/\/ia-dev.hes-so.ch\/ona\/wp-content\/uploads\/2025\/09\/04-Bruxelles-Jardin-du-Mont-des-Arts-300x225.jpeg 300w, https:\/\/ia-dev.hes-so.ch\/ona\/wp-content\/uploads\/2025\/09\/04-Bruxelles-Jardin-du-Mont-des-Arts-768x576.jpeg 768w, https:\/\/ia-dev.hes-so.ch\/ona\/wp-content\/uploads\/2025\/09\/04-Bruxelles-Jardin-du-Mont-des-Arts-1536x1152.jpeg 1536w, https:\/\/ia-dev.hes-so.ch\/ona\/wp-content\/uploads\/2025\/09\/04-Bruxelles-Jardin-du-Mont-des-Arts-2048x1536.jpeg 2048w\" sizes=\"auto, (max-width: 1024px) 100vw, 1024px\" \/><\/figure>\n\n\n\n<p>Depuis le Mont des Arts, Bruxelles se d\u00e9voile dans toute sa splendeur : un jardin g\u00e9om\u00e9trique au premier plan, l\u2019H\u00f4tel de Ville qui domine fi\u00e8rement l\u2019horizon, et la Biblioth\u00e8que royale sur la gauche, invisible mais tr\u00e8s pr\u00e9sente. Entre verdure, patrimoine et savoir, ce lieu concentre presque \u00e0 lui seul l\u2019essence de la capitale. Finalement, le vrai clich\u00e9 bruxellois, c\u2019est peut-\u00eatre qu\u2019il est impossible d\u2019y \u00e9chapper !<\/p>\n\n\n\n<p><strong>5<sup>\u00e8me<\/sup> jour<\/strong><\/p>\n\n\n\n<figure class=\"wp-block-image size-large\"><img loading=\"lazy\" decoding=\"async\" width=\"768\" height=\"1024\" src=\"https:\/\/ia-dev.hes-so.ch\/ona\/wp-content\/uploads\/2025\/09\/05-Brussels-in-Pink-de-Philippe-Katerine-768x1024.jpeg\" alt=\"\" class=\"wp-image-2012\" srcset=\"https:\/\/ia-dev.hes-so.ch\/ona\/wp-content\/uploads\/2025\/09\/05-Brussels-in-Pink-de-Philippe-Katerine-768x1024.jpeg 768w, https:\/\/ia-dev.hes-so.ch\/ona\/wp-content\/uploads\/2025\/09\/05-Brussels-in-Pink-de-Philippe-Katerine-225x300.jpeg 225w, https:\/\/ia-dev.hes-so.ch\/ona\/wp-content\/uploads\/2025\/09\/05-Brussels-in-Pink-de-Philippe-Katerine-1152x1536.jpeg 1152w, https:\/\/ia-dev.hes-so.ch\/ona\/wp-content\/uploads\/2025\/09\/05-Brussels-in-Pink-de-Philippe-Katerine-1536x2048.jpeg 1536w, https:\/\/ia-dev.hes-so.ch\/ona\/wp-content\/uploads\/2025\/09\/05-Brussels-in-Pink-de-Philippe-Katerine-scaled.jpeg 1920w\" sizes=\"auto, (max-width: 768px) 100vw, 768px\" \/><\/figure>\n\n\n\n<p>Sous la coupole lumineuse, Monsieur Rose de Philippe Katerine nous accueille avec ses bras ouverts, comme une invitation \u00e0 suspendre le temps. L\u2019art, ici, prend la ville par surprise et colore le quotidien d\u2019un sourire inattendu. Finalement, un peu comme \u00e0 la HES-SO, o\u00f9 le rose du domaine Ing\u00e9nierie et Architecture rappelle que m\u00eame la rigueur technique gagne \u00e0 se teinter de l\u00e9g\u00e8ret\u00e9.<\/p>\n\n\n\n<p><strong>6<sup>\u00e8me<\/sup> jour<\/strong><\/p>\n\n\n\n<figure class=\"wp-block-image size-large\"><img loading=\"lazy\" decoding=\"async\" width=\"768\" height=\"1024\" src=\"https:\/\/ia-dev.hes-so.ch\/ona\/wp-content\/uploads\/2025\/09\/06-Bruxelles-Cathedrale-Saints-Michel-et-Gudule-768x1024.jpeg\" alt=\"\" class=\"wp-image-2013\" srcset=\"https:\/\/ia-dev.hes-so.ch\/ona\/wp-content\/uploads\/2025\/09\/06-Bruxelles-Cathedrale-Saints-Michel-et-Gudule-768x1024.jpeg 768w, https:\/\/ia-dev.hes-so.ch\/ona\/wp-content\/uploads\/2025\/09\/06-Bruxelles-Cathedrale-Saints-Michel-et-Gudule-225x300.jpeg 225w, https:\/\/ia-dev.hes-so.ch\/ona\/wp-content\/uploads\/2025\/09\/06-Bruxelles-Cathedrale-Saints-Michel-et-Gudule-1152x1536.jpeg 1152w, https:\/\/ia-dev.hes-so.ch\/ona\/wp-content\/uploads\/2025\/09\/06-Bruxelles-Cathedrale-Saints-Michel-et-Gudule-1536x2048.jpeg 1536w, https:\/\/ia-dev.hes-so.ch\/ona\/wp-content\/uploads\/2025\/09\/06-Bruxelles-Cathedrale-Saints-Michel-et-Gudule-scaled.jpeg 1920w\" sizes=\"auto, (max-width: 768px) 100vw, 768px\" \/><\/figure>\n\n\n\n<p>La cath\u00e9drale Saints-Michel-et-Gudule impose sa silhouette au c\u0153ur de Bruxelles, t\u00e9moin des si\u00e8cles et de leurs m\u00e9tamorphoses architecturales. Du roman au gothique braban\u00e7on, chaque pierre raconte une \u00e9tape de l\u2019histoire. Et en levant les yeux, on se dit qu\u2019ici, m\u00eame les gargouilles semblent veiller sur les passants distraits.<\/p>\n\n\n\n<p><strong>7<sup>\u00e8me<\/sup> jour<\/strong><\/p>\n\n\n\n<figure class=\"wp-block-image size-large\"><img loading=\"lazy\" decoding=\"async\" width=\"1024\" height=\"768\" src=\"https:\/\/ia-dev.hes-so.ch\/ona\/wp-content\/uploads\/2025\/09\/07-Camping-Willow-1024x768.jpeg\" alt=\"\" class=\"wp-image-2014\" srcset=\"https:\/\/ia-dev.hes-so.ch\/ona\/wp-content\/uploads\/2025\/09\/07-Camping-Willow-1024x768.jpeg 1024w, https:\/\/ia-dev.hes-so.ch\/ona\/wp-content\/uploads\/2025\/09\/07-Camping-Willow-300x225.jpeg 300w, https:\/\/ia-dev.hes-so.ch\/ona\/wp-content\/uploads\/2025\/09\/07-Camping-Willow-768x576.jpeg 768w, https:\/\/ia-dev.hes-so.ch\/ona\/wp-content\/uploads\/2025\/09\/07-Camping-Willow-1536x1152.jpeg 1536w, https:\/\/ia-dev.hes-so.ch\/ona\/wp-content\/uploads\/2025\/09\/07-Camping-Willow-2048x1536.jpeg 2048w\" sizes=\"auto, (max-width: 1024px) 100vw, 1024px\" \/><\/figure>\n\n\n\n<p>Un petit d\u00e9jeuner face \u00e0 l\u2019\u00e9tang du camping Willow, quand le miroir de l\u2019eau refl\u00e8te les arbres et que le temps semble suspendu. Ici, le calme invite \u00e0 la r\u00e9flexion, presque autant qu\u2019\u00e0 la digestion. Une belle mani\u00e8re de nourrir \u00e0 la fois l\u2019esprit et l\u2019estomac.<\/p>\n\n\n\n<p>Lien vers la ville suivante : Namur (\u00e0 venir)<\/p>\n","protected":false},"excerpt":{"rendered":"<p>1er jour Au d\u00e9tour d\u2019une ruelle de Bruxelles, Tintin, Milou et le capitaine Haddock semblent descendre un escalier improbable qui [&hellip;]<\/p>\n","protected":false},"author":1,"featured_media":0,"parent":173,"menu_order":29,"comment_status":"closed","ping_status":"closed","template":"","meta":{"footnotes":""},"class_list":["post-2015","page","type-page","status-publish","hentry"],"_links":{"self":[{"href":"https:\/\/ia-dev.hes-so.ch\/ona\/wp-json\/wp\/v2\/pages\/2015","targetHints":{"allow":["GET"]}}],"collection":[{"href":"https:\/\/ia-dev.hes-so.ch\/ona\/wp-json\/wp\/v2\/pages"}],"about":[{"href":"https:\/\/ia-dev.hes-so.ch\/ona\/wp-json\/wp\/v2\/types\/page"}],"author":[{"embeddable":true,"href":"https:\/\/ia-dev.hes-so.ch\/ona\/wp-json\/wp\/v2\/users\/1"}],"replies":[{"embeddable":true,"href":"https:\/\/ia-dev.hes-so.ch\/ona\/wp-json\/wp\/v2\/comments?post=2015"}],"version-history":[{"count":13,"href":"https:\/\/ia-dev.hes-so.ch\/ona\/wp-json\/wp\/v2\/pages\/2015\/revisions"}],"predecessor-version":[{"id":2091,"href":"https:\/\/ia-dev.hes-so.ch\/ona\/wp-json\/wp\/v2\/pages\/2015\/revisions\/2091"}],"up":[{"embeddable":true,"href":"https:\/\/ia-dev.hes-so.ch\/ona\/wp-json\/wp\/v2\/pages\/173"}],"wp:attachment":[{"href":"https:\/\/ia-dev.hes-so.ch\/ona\/wp-json\/wp\/v2\/media?parent=2015"}],"curies":[{"name":"wp","href":"https:\/\/api.w.org\/{rel}","templated":true}]}}